Last updated on 2023-12-09 04:51:07 CET.
Flavor | Version | Tinstall | Tcheck | Ttotal | Status | Flags |
---|---|---|---|---|---|---|
r-devel-linux-x86_64-debian-clang | 1.1.0 | 3.34 | 39.10 | 42.44 | NOTE | |
r-devel-linux-x86_64-debian-gcc | 1.1.0 | 2.41 | 30.23 | 32.64 | NOTE | |
r-devel-linux-x86_64-fedora-clang | 1.1.0 | 52.08 | NOTE | |||
r-devel-linux-x86_64-fedora-gcc | 1.1.0 | 50.33 | NOTE | |||
r-devel-windows-x86_64 | 1.1.0 | 5.00 | 51.00 | 56.00 | NOTE | |
r-patched-linux-x86_64 | 1.1.0 | 2.81 | 38.78 | 41.59 | NOTE | |
r-release-linux-x86_64 | 1.1.0 | 3.37 | 38.35 | 41.72 | NOTE | |
r-release-macos-arm64 | 1.1.0 | 20.00 | NOTE | |||
r-release-macos-x86_64 | 1.1.0 | 29.00 | NOTE | |||
r-release-windows-x86_64 | 1.1.0 | 6.00 | 53.00 | 59.00 | NOTE | |
r-oldrel-macos-arm64 | 1.1.0 | 19.00 | NOTE | |||
r-oldrel-macos-x86_64 | 1.1.0 | 41.00 | NOTE | |||
r-oldrel-windows-x86_64 | 1.1.0 | 5.00 | 61.00 | 66.00 | NOTE |
Version: 1.1.0
Check: LazyData
Result: NOTE
'LazyData' is specified without a 'data' directory
Flavors: r-devel-linux-x86_64-debian-clang, r-devel-linux-x86_64-debian-gcc, r-devel-linux-x86_64-fedora-clang, r-devel-linux-x86_64-fedora-gcc, r-devel-windows-x86_64, r-patched-linux-x86_64, r-release-linux-x86_64, r-release-macos-arm64, r-release-macos-x86_64, r-release-windows-x86_64, r-oldrel-macos-arm64, r-oldrel-macos-x86_64, r-oldrel-windows-x86_64