CRAN Package Check Results for Package shinySearchbar

Last updated on 2023-12-11 04:51:26 CET.

Flavor Version Tinstall Tcheck Ttotal Status Flags
r-devel-linux-x86_64-debian-clang 1.0.0 4.47 39.35 43.82 NOTE
r-devel-linux-x86_64-debian-gcc 1.0.0 3.33 30.78 34.11 NOTE
r-devel-linux-x86_64-fedora-clang 1.0.0 54.99 NOTE
r-devel-linux-x86_64-fedora-gcc 1.0.0 51.68 NOTE
r-devel-windows-x86_64 1.0.0 6.00 53.00 59.00 NOTE
r-patched-linux-x86_64 1.0.0 4.91 39.23 44.14 NOTE
r-release-linux-x86_64 1.0.0 3.60 38.88 42.48 NOTE
r-release-macos-arm64 1.0.0 20.00 NOTE
r-release-macos-x86_64 1.0.0 31.00 NOTE
r-release-windows-x86_64 1.0.0 8.00 55.00 63.00 NOTE
r-oldrel-macos-arm64 1.0.0 19.00 NOTE
r-oldrel-macos-x86_64 1.0.0 39.00 NOTE
r-oldrel-windows-x86_64 1.0.0 6.00 61.00 67.00 NOTE

Check Details

Version: 1.0.0
Check: LazyData
Result: NOTE 'LazyData' is specified without a 'data' directory Flavors: r-devel-linux-x86_64-debian-clang, r-devel-linux-x86_64-debian-gcc, r-devel-linux-x86_64-fedora-clang, r-devel-linux-x86_64-fedora-gcc, r-devel-windows-x86_64, r-patched-linux-x86_64, r-release-linux-x86_64, r-release-macos-arm64, r-release-macos-x86_64, r-release-windows-x86_64, r-oldrel-macos-arm64, r-oldrel-macos-x86_64, r-oldrel-windows-x86_64