Last updated on 2023-12-07 04:56:37 CET.
Flavor | Version | Tinstall | Tcheck | Ttotal | Status | Flags |
---|---|---|---|---|---|---|
r-devel-linux-x86_64-debian-clang | 0.2 | 10.14 | 75.74 | 85.88 | NOTE | |
r-devel-linux-x86_64-debian-gcc | 0.2 | 7.21 | 56.89 | 64.10 | NOTE | |
r-devel-linux-x86_64-fedora-clang | 0.2 | 108.21 | NOTE | |||
r-devel-linux-x86_64-fedora-gcc | 0.2 | 102.41 | NOTE | |||
r-devel-windows-x86_64 | 0.2 | 9.00 | 74.00 | 83.00 | NOTE | |
r-patched-linux-x86_64 | 0.2 | 6.81 | 70.91 | 77.72 | NOTE | |
r-release-linux-x86_64 | 0.2 | 5.44 | 72.81 | 78.25 | NOTE | |
r-release-macos-arm64 | 0.2 | 35.00 | NOTE | |||
r-release-macos-x86_64 | 0.2 | 54.00 | NOTE | |||
r-release-windows-x86_64 | 0.2 | 12.00 | 83.00 | 95.00 | NOTE | |
r-oldrel-macos-arm64 | 0.2 | 35.00 | NOTE | |||
r-oldrel-macos-x86_64 | 0.2 | 56.00 | NOTE | |||
r-oldrel-windows-x86_64 | 0.2 | 12.00 | 90.00 | 102.00 | NOTE |
Version: 0.2
Check: LazyData
Result: NOTE
'LazyData' is specified without a 'data' directory
Flavors: r-devel-linux-x86_64-debian-clang, r-devel-linux-x86_64-debian-gcc, r-devel-linux-x86_64-fedora-clang, r-devel-linux-x86_64-fedora-gcc, r-devel-windows-x86_64, r-patched-linux-x86_64, r-release-linux-x86_64, r-release-macos-arm64, r-release-macos-x86_64, r-release-windows-x86_64, r-oldrel-macos-arm64, r-oldrel-macos-x86_64, r-oldrel-windows-x86_64