Last updated on 2023-12-08 05:02:17 CET.
Flavor | Version | Tinstall | Tcheck | Ttotal | Status | Flags |
---|---|---|---|---|---|---|
r-devel-linux-x86_64-debian-clang | 0.2.0 | 8.90 | 70.14 | 79.04 | NOTE | |
r-devel-linux-x86_64-debian-gcc | 0.2.0 | 6.46 | 51.88 | 58.34 | NOTE | |
r-devel-linux-x86_64-fedora-clang | 0.2.0 | 105.90 | NOTE | |||
r-devel-linux-x86_64-fedora-gcc | 0.2.0 | 98.99 | NOTE | |||
r-devel-windows-x86_64 | 0.2.0 | 9.00 | 68.00 | 77.00 | NOTE | |
r-patched-linux-x86_64 | 0.2.0 | 5.34 | 64.11 | 69.45 | NOTE | |
r-release-linux-x86_64 | 0.2.0 | 4.97 | 65.07 | 70.04 | NOTE | |
r-release-macos-arm64 | 0.2.0 | 35.00 | NOTE | |||
r-release-macos-x86_64 | 0.2.0 | 47.00 | NOTE | |||
r-release-windows-x86_64 | 0.2.0 | 12.00 | 81.00 | 93.00 | NOTE | |
r-oldrel-macos-arm64 | 0.2.0 | 32.00 | NOTE | |||
r-oldrel-macos-x86_64 | 0.2.0 | 56.00 | NOTE | |||
r-oldrel-windows-x86_64 | 0.2.0 | 12.00 | 93.00 | 105.00 | NOTE |
Version: 0.2.0
Check: LazyData
Result: NOTE
'LazyData' is specified without a 'data' directory
Flavors: r-devel-linux-x86_64-debian-clang, r-devel-linux-x86_64-debian-gcc, r-devel-linux-x86_64-fedora-clang, r-devel-linux-x86_64-fedora-gcc, r-devel-windows-x86_64, r-patched-linux-x86_64, r-release-linux-x86_64, r-release-macos-arm64, r-release-macos-x86_64, r-release-windows-x86_64, r-oldrel-macos-arm64, r-oldrel-macos-x86_64, r-oldrel-windows-x86_64