Last updated on 2023-11-29 04:57:36 CET.
Flavor | Version | Tinstall | Tcheck | Ttotal | Status | Flags |
---|---|---|---|---|---|---|
r-devel-linux-x86_64-debian-clang | 0.4.3 | 9.27 | 72.17 | 81.44 | NOTE | |
r-devel-linux-x86_64-debian-gcc | 0.4.3 | 6.49 | 55.55 | 62.04 | NOTE | |
r-devel-linux-x86_64-fedora-clang | 0.4.3 | 103.36 | NOTE | |||
r-devel-linux-x86_64-fedora-gcc | 0.4.3 | 114.85 | OK | |||
r-devel-windows-x86_64 | 0.4.3 | 10.00 | 94.00 | 104.00 | NOTE | |
r-patched-linux-x86_64 | 0.4.3 | 9.24 | 68.67 | 77.91 | OK | |
r-release-linux-x86_64 | 0.4.3 | 6.63 | 69.76 | 76.39 | OK | |
r-release-macos-arm64 | 0.4.3 | 40.00 | NOTE | |||
r-release-macos-x86_64 | 0.4.3 | 66.00 | NOTE | |||
r-release-windows-x86_64 | 0.4.3 | 12.00 | 116.00 | 128.00 | NOTE | |
r-oldrel-macos-arm64 | 0.4.3 | 29.00 | NOTE | |||
r-oldrel-macos-x86_64 | 0.4.3 | 54.00 | NOTE | |||
r-oldrel-windows-x86_64 | 0.4.3 | 14.00 | 96.00 | 110.00 | NOTE |
Version: 0.4.3
Check: Rd files
Result: NOTE
checkRd: (-1) checkbox.Rd:54: Lost braces in \itemize; meant \describe ?
checkRd: (-1) checkbox.Rd:55: Lost braces in \itemize; meant \describe ?
checkRd: (-1) checkbox.Rd:56: Lost braces in \itemize; meant \describe ?
checkRd: (-1) multiple_checkbox.Rd:56: Lost braces in \itemize; meant \describe ?
checkRd: (-1) multiple_checkbox.Rd:57: Lost braces in \itemize; meant \describe ?
checkRd: (-1) multiple_checkbox.Rd:58: Lost braces in \itemize; meant \describe ?
checkRd: (-1) search_selection_api.Rd:27-70: Lost braces
27 | if (interactive()) {
| ^
checkRd: (-1) search_selection_api.Rd:33-42: Lost braces
33 | ui <- function() {
| ^
checkRd: (-1) search_selection_api.Rd:44-67: Lost braces
44 | server <- shinyServer(function(input, output, session) {
| ^
checkRd: (-1) search_selection_api.Rd:46-58: Lost braces
46 | search_api <- function(gapminder, q) {
| ^
checkRd: (-1) search_selection_api.Rd:47-49: Lost braces
47 | has_matching <- function(field) {
| ^
checkRd: (-1) text_input.Rd:50: Lost braces in \itemize; meant \describe ?
checkRd: (-1) text_input.Rd:51: Lost braces in \itemize; meant \describe ?
checkRd: (-1) text_input.Rd:52: Lost braces in \itemize; meant \describe ?
checkRd: (-1) text_input.Rd:53: Lost braces in \itemize; meant \describe ?
checkRd: (-1) text_input.Rd:54: Lost braces in \itemize; meant \describe ?
checkRd: (-1) text_input.Rd:55: Lost braces in \itemize; meant \describe ?
Flavors: r-devel-linux-x86_64-debian-clang, r-devel-linux-x86_64-debian-gcc
Version: 0.4.3
Check: installed package size
Result: NOTE
installed size is 11.3Mb
sub-directories of 1Mb or more:
help 2.6Mb
www 8.1Mb
Flavors: r-devel-linux-x86_64-fedora-clang, r-devel-windows-x86_64, r-release-macos-arm64, r-release-macos-x86_64, r-release-windows-x86_64, r-oldrel-macos-arm64, r-oldrel-macos-x86_64, r-oldrel-windows-x86_64