CRAN Package Check Results for Package sharp

Last updated on 2025-01-21 04:48:37 CET.

Flavor Version Tinstall Tcheck Ttotal Status Flags
r-devel-linux-x86_64-debian-clang 1.4.6 12.14 121.43 133.57 NOTE
r-devel-linux-x86_64-debian-gcc 1.4.6 7.90 92.86 100.76 NOTE
r-devel-linux-x86_64-fedora-clang 1.4.6 210.64 OK
r-devel-linux-x86_64-fedora-gcc 1.4.6 211.73 OK
r-devel-windows-x86_64 1.4.6 14.00 171.00 185.00 NOTE
r-patched-linux-x86_64 1.4.6 17.99 114.57 132.56 NOTE
r-release-linux-x86_64 1.4.6 10.72 114.91 125.63 NOTE
r-release-macos-arm64 1.4.6 68.00 NOTE
r-release-macos-x86_64 1.4.6 97.00 NOTE
r-release-windows-x86_64 1.4.6 16.00 175.00 191.00 NOTE
r-oldrel-macos-arm64 1.4.6 73.00 NOTE
r-oldrel-macos-x86_64 1.4.6 176.00 NOTE
r-oldrel-windows-x86_64 1.4.6 17.00 200.00 217.00 NOTE

Check Details

Version: 1.4.6
Check: Rd cross-references
Result: NOTE Found the following Rd file(s) with Rd \link{} targets missing package anchors: ClusteringPerformance.Rd: SimulateClustering GraphComparison.Rd: SimulateGraphical, SimulateRegression SelectionPerformance.Rd: SimulateRegression, SimulateComponents, SimulateGraphical, BlockStructure SelectionPerformanceGraph.Rd: SimulateGraphical, SimulateRegression plot.clustering.Rd: Heatmap plot.roc_band.Rd: ROC Please provide package anchors for all Rd \link{} targets not in the package itself and the base packages. Package unavailable to check Rd xrefs: ‘rCOSA’ Flavors: r-devel-linux-x86_64-debian-clang, r-devel-linux-x86_64-debian-gcc, r-devel-windows-x86_64

Version: 1.4.6
Check: package dependencies
Result: NOTE Package suggested but not available for checking: ‘rCOSA’ Flavors: r-patched-linux-x86_64, r-release-linux-x86_64, r-release-macos-arm64, r-release-macos-x86_64, r-release-windows-x86_64, r-oldrel-macos-arm64, r-oldrel-macos-x86_64, r-oldrel-windows-x86_64

Version: 1.4.6
Check: Rd cross-references
Result: NOTE Package unavailable to check Rd xrefs: ‘rCOSA’ Flavors: r-patched-linux-x86_64, r-release-linux-x86_64, r-release-macos-arm64, r-release-macos-x86_64, r-release-windows-x86_64, r-oldrel-macos-arm64, r-oldrel-macos-x86_64, r-oldrel-windows-x86_64