CRAN Package Check Results for Package sharp

Last updated on 2024-07-13 05:49:26 CEST.

Flavor Version Tinstall Tcheck Ttotal Status Flags
r-devel-linux-x86_64-debian-clang 1.4.6 13.71 150.67 164.38 NOTE
r-devel-linux-x86_64-debian-gcc 1.4.6 11.56 113.22 124.78 NOTE
r-devel-linux-x86_64-fedora-clang 1.4.6 216.16 NOTE
r-devel-linux-x86_64-fedora-gcc 1.4.6 203.83 NOTE
r-devel-windows-x86_64 1.4.6 16.00 165.00 181.00 NOTE
r-patched-linux-x86_64 1.4.6 19.46 149.14 168.60 NOTE
r-release-linux-x86_64 1.4.6 11.14 142.54 153.68 NOTE
r-release-macos-arm64 1.4.6 68.00 NOTE
r-release-macos-x86_64 1.4.6 97.00 NOTE
r-release-windows-x86_64 1.4.6 15.00 174.00 189.00 NOTE
r-oldrel-macos-arm64 1.4.6 73.00 NOTE
r-oldrel-macos-x86_64 1.4.6 176.00 NOTE
r-oldrel-windows-x86_64 1.4.6 18.00 189.00 207.00 NOTE

Check Details

Version: 1.4.6
Check: package dependencies
Result: NOTE Package suggested but not available for checking: ‘rCOSA’ Flavors: r-devel-linux-x86_64-debian-clang, r-devel-linux-x86_64-debian-gcc, r-devel-linux-x86_64-fedora-clang, r-devel-linux-x86_64-fedora-gcc, r-devel-windows-x86_64, r-patched-linux-x86_64, r-release-linux-x86_64, r-release-macos-arm64, r-release-macos-x86_64, r-release-windows-x86_64, r-oldrel-macos-arm64, r-oldrel-macos-x86_64, r-oldrel-windows-x86_64

Version: 1.4.6
Check: Rd cross-references
Result: NOTE Package unavailable to check Rd xrefs: ‘rCOSA’ Flavors: r-devel-linux-x86_64-debian-clang, r-devel-linux-x86_64-debian-gcc, r-devel-linux-x86_64-fedora-clang, r-devel-linux-x86_64-fedora-gcc, r-patched-linux-x86_64, r-release-linux-x86_64, r-release-macos-arm64, r-release-macos-x86_64, r-release-windows-x86_64, r-oldrel-macos-arm64, r-oldrel-macos-x86_64, r-oldrel-windows-x86_64

Version: 1.4.6
Check: Rd cross-references
Result: NOTE Package unavailable to check Rd xrefs: 'rCOSA' Found the following Rd file(s) with Rd \link{} targets missing package anchors: ClusteringPerformance.Rd: SimulateClustering GraphComparison.Rd: SimulateGraphical, SimulateRegression SelectionPerformance.Rd: SimulateRegression, SimulateComponents, SimulateGraphical, BlockStructure SelectionPerformanceGraph.Rd: SimulateGraphical, SimulateRegression plot.clustering.Rd: Heatmap plot.roc_band.Rd: ROC Please provide package anchors for all Rd \link{} targets not in the package itself and the base packages. Flavor: r-devel-windows-x86_64