Last updated on 2023-11-28 04:57:33 CET.
Flavor | Version | Tinstall | Tcheck | Ttotal | Status | Flags |
---|---|---|---|---|---|---|
r-devel-linux-x86_64-debian-clang | 1.1-16 | 8.08 | 82.07 | 90.15 | OK | |
r-devel-linux-x86_64-debian-gcc | 1.1-16 | 5.84 | 61.71 | 67.55 | OK | |
r-devel-linux-x86_64-fedora-clang | 1.1-16 | 113.85 | NOTE | |||
r-devel-linux-x86_64-fedora-gcc | 1.1-16 | 112.82 | OK | |||
r-devel-windows-x86_64 | 1.1-16 | 9.00 | 104.00 | 113.00 | OK | |
r-patched-linux-x86_64 | 1.1-16 | 12.35 | 78.68 | 91.03 | OK | |
r-release-linux-x86_64 | 1.1-16 | 6.84 | 78.22 | 85.06 | OK | |
r-release-macos-arm64 | 1.1-16 | 39.00 | OK | |||
r-release-macos-x86_64 | 1.1-16 | 111.00 | OK | |||
r-release-windows-x86_64 | 1.1-16 | 8.00 | 122.00 | 130.00 | OK | |
r-oldrel-macos-arm64 | 1.1-16 | 40.00 | OK | |||
r-oldrel-macos-x86_64 | 1.1-16 | 54.00 | OK | |||
r-oldrel-windows-x86_64 | 1.1-16 | 11.00 | 116.00 | 127.00 | OK |
Version: 1.1-16
Check: Rd cross-references
Result: NOTE
Undeclared packages ‘relevance’, ‘DescTools’ in Rd xrefs
Flavor: r-devel-linux-x86_64-fedora-clang