Last updated on 2023-12-07 04:56:37 CET.
Flavor | Version | Tinstall | Tcheck | Ttotal | Status | Flags |
---|---|---|---|---|---|---|
r-devel-linux-x86_64-debian-clang | 0.1.2 | 4.29 | 38.53 | 42.82 | OK | |
r-devel-linux-x86_64-debian-gcc | 0.1.2 | 3.76 | 30.47 | 34.23 | OK | |
r-devel-linux-x86_64-fedora-clang | 0.1.2 | 54.02 | NOTE | |||
r-devel-linux-x86_64-fedora-gcc | 0.1.2 | 63.08 | OK | |||
r-devel-windows-x86_64 | 0.1.2 | 6.00 | 54.00 | 60.00 | NOTE | |
r-patched-linux-x86_64 | 0.1.2 | 6.04 | 37.59 | 43.63 | OK | |
r-release-linux-x86_64 | 0.1.2 | 4.85 | 37.07 | 41.92 | OK | |
r-release-macos-arm64 | 0.1.2 | 31.00 | NOTE | |||
r-release-macos-x86_64 | 0.1.2 | 47.00 | NOTE | |||
r-release-windows-x86_64 | 0.1.2 | 6.00 | 60.00 | 66.00 | NOTE | |
r-oldrel-macos-arm64 | 0.1.2 | 26.00 | NOTE | |||
r-oldrel-macos-x86_64 | 0.1.2 | 33.00 | NOTE | |||
r-oldrel-windows-x86_64 | 0.1.2 | 8.00 | 62.00 | 70.00 | NOTE |
Version: 0.1.2
Check: installed package size
Result: NOTE
installed size is 5.9Mb
sub-directories of 1Mb or more:
doc 5.1Mb
Flavors: r-devel-linux-x86_64-fedora-clang, r-devel-windows-x86_64, r-release-macos-arm64, r-release-macos-x86_64, r-release-windows-x86_64, r-oldrel-macos-arm64, r-oldrel-macos-x86_64, r-oldrel-windows-x86_64