CRAN Package Check Results for Package sfdep

Last updated on 2023-12-06 04:56:05 CET.

Flavor Version Tinstall Tcheck Ttotal Status Flags
r-devel-linux-x86_64-debian-clang 0.2.3 9.91 214.69 224.60 NOTE
r-devel-linux-x86_64-debian-gcc 0.2.3 8.17 155.40 163.57 NOTE
r-devel-linux-x86_64-fedora-clang 0.2.3 299.92 NOTE
r-devel-linux-x86_64-fedora-gcc 0.2.3 309.94 NOTE
r-devel-windows-x86_64 0.2.3 11.00 198.00 209.00 NOTE
r-patched-linux-x86_64 0.2.3 16.69 200.18 216.87 OK
r-release-linux-x86_64 0.2.3 8.98 198.82 207.80 OK
r-release-macos-arm64 0.2.3 97.00 OK
r-release-macos-x86_64 0.2.3 153.00 OK
r-release-windows-x86_64 0.2.3 14.00 240.00 254.00 OK
r-oldrel-macos-arm64 0.2.3 80.00 OK
r-oldrel-macos-x86_64 0.2.3 103.00 OK
r-oldrel-windows-x86_64 0.2.3 16.00 232.00 248.00 OK

Additional issues

noSuggests

Check Details

Version: 0.2.3
Check: Rd files
Result: NOTE checkRd: (-1) kernels.Rd:28: Lost braces; missing escapes or markup? 28 | \item \code{guassian}: K(z) = (2pi)^{1/2} * exp(-z^2/2) | ^ Flavors: r-devel-linux-x86_64-debian-clang, r-devel-linux-x86_64-debian-gcc

Version: 0.2.3
Check: Rd \usage sections
Result: NOTE Documented arguments not in \usage in Rd file 'jc_clc_perm_impl.Rd': ‘a’ Documented arguments not in \usage in Rd file 'local_g_spt.Rd': ‘n_sim’ Documented arguments not in \usage in Rd file 'permute_listw.Rd': ‘a’ Functions with \usage entries need to have the appropriate \alias entries, and all their arguments documented. The \usage entries must correspond to syntactically valid R code. See chapter ‘Writing R documentation files’ in the ‘Writing R Extensions’ manual. Flavors: r-devel-linux-x86_64-debian-clang, r-devel-linux-x86_64-debian-gcc, r-devel-linux-x86_64-fedora-clang, r-devel-linux-x86_64-fedora-gcc, r-devel-windows-x86_64