Last updated on 2023-12-02 04:52:29 CET.
Flavor | Version | Tinstall | Tcheck | Ttotal | Status | Flags |
---|---|---|---|---|---|---|
r-devel-linux-x86_64-debian-clang | 1.0.0 | 106.12 | 330.93 | 437.05 | OK | |
r-devel-linux-x86_64-debian-gcc | 1.0.0 | 102.27 | 245.72 | 347.99 | OK | |
r-devel-linux-x86_64-fedora-clang | 1.0.0 | 625.96 | OK | |||
r-devel-linux-x86_64-fedora-gcc | 1.0.0 | 602.50 | OK | |||
r-devel-windows-x86_64 | 1.0.0 | 93.00 | 221.00 | 314.00 | OK | |
r-patched-linux-x86_64 | 1.0.0 | 114.40 | 321.80 | 436.20 | OK | |
r-release-linux-x86_64 | 1.0.0 | 108.25 | 317.11 | 425.36 | OK | |
r-release-macos-arm64 | 1.0.0 | 112.00 | OK | |||
r-release-macos-x86_64 | 1.0.0 | 312.00 | OK | |||
r-release-windows-x86_64 | 1.0.0 | 124.00 | 285.00 | 409.00 | OK | |
r-oldrel-macos-arm64 | 1.0.0 | 109.00 | ERROR | |||
r-oldrel-macos-x86_64 | 1.0.0 | 178.00 | ERROR | |||
r-oldrel-windows-x86_64 | 1.0.0 | 124.00 | 272.00 | 396.00 | OK |
Version: 1.0.0
Check: PDF version of manual
Result: WARN
LaTeX errors when creating PDF version.
This typically indicates Rd problems.
LaTeX errors found:
! Missing \endgroup inserted.
<inserted text>
\endgroup
l.506 ...ac{S\rho}{\sigma_v} \\ 1 \end{pmatrix}}{}
,
! Missing } inserted.
<inserted text>
}
l.506 ...ac{S\rho}{\sigma_v} \\ 1 \end{pmatrix}}{}
,
! Missing } inserted.
<inserted text>
}
l.506 ...ac{S\rho}{\sigma_v} \\ 1 \end{pmatrix}}{}
,
! Missing \cr inserted.
<inserted text>
\cr
l.506 ...ac{S\rho}{\sigma_v} \\ 1 \end{pmatrix}}{}
,
! Misplaced \cr.
<inserted text> \cr
l.506 ...ac{S\rho}{\sigma_v} \\ 1 \end{pmatrix}}{}
,
! Missing \cr inserted.
<inserted text>
\cr
l.506 ...ac{S\rho}{\sigma_v} \\ 1 \end{pmatrix}}{}
,
! Misplaced \cr.
<inserted text> \cr
l.506 ...ac{S\rho}{\sigma_v} \\ 1 \end{pmatrix}}{}
,
! Missing \cr inserted.
<inserted text>
\cr
l.506 ...ac{S\rho}{\sigma_v} \\ 1 \end{pmatrix}}{}
,
! Misplaced \cr.
<inserted text> \cr
l.506 ...ac{S\rho}{\sigma_v} \\ 1 \end{pmatrix}}{}
,
! Missing \cr inserted.
<inserted text>
\cr
l.506 ...ac{S\rho}{\sigma_v} \\ 1 \end{pmatrix}}{}
,
! Misplaced \cr.
<inserted text> \cr
l.506 ...ac{S\rho}{\sigma_v} \\ 1 \end{pmatrix}}{}
,
! Missing \cr inserted.
<inserted text>
\cr
l.506 ...ac{S\rho}{\sigma_v} \\ 1 \end{pmatrix}}{}
,
! Misplaced \cr.
<inserted text> \cr
l.506 ...ac{S\rho}{\sigma_v} \\ 1 \end{pmatrix}}{}
,
! Missing \cr inserted.
<inserted text>
\cr
l.506 ...ac{S\rho}{\sigma_v} \\ 1 \end{pmatrix}}{}
,
! Misplaced \cr.
<inserted text> \cr
l.506 ...ac{S\rho}{\sigma_v} \\ 1 \end{pmatrix}}{}
,
! Missing \cr inserted.
<inserted text>
\cr
l.506 ...ac{S\rho}{\sigma_v} \\ 1 \end{pmatrix}}{}
,
! Misplaced \cr.
<inserted text> \cr
l.506 ...ac{S\rho}{\sigma_v} \\ 1 \end{pmatrix}}{}
,
! Missing \cr inserted.
<inserted text>
\cr
l.506 ...ac{S\rho}{\sigma_v} \\ 1 \end{pmatrix}}{}
,
! Misplaced \cr.
<inserted text> \cr
l.506 ...ac{S\rho}{\sigma_v} \\ 1 \end{pmatrix}}{}
,
! Missing \cr inserted.
<inserted text>
\cr
l.506 ...ac{S\rho}{\sigma_v} \\ 1 \end{pmatrix}}{}
,
! Misplaced \cr.
<inserted text> \cr
l.506 ...ac{S\rho}{\sigma_v} \\ 1 \end{pmatrix}}{}
,
! Missing \cr inserted.
<inserted text>
\cr
l.506 ...ac{S\rho}{\sigma_v} \\ 1 \end{pmatrix}}{}
,
! Misplaced \cr.
<inserted text> \cr
l.506 ...ac{S\rho}{\sigma_v} \\ 1 \end{pmatrix}}{}
,
! Missing \cr inserted.
<inserted text>
\cr
l.506 ...ac{S\rho}{\sigma_v} \\ 1 \end{pmatrix}}{}
,
! Misplaced \cr.
<inserted text> \cr
l.506 ...ac{S\rho}{\sigma_v} \\ 1 \end{pmatrix}}{}
,
! Missing \cr inserted.
<inserted text>
\cr
l.506 ...ac{S\rho}{\sigma_v} \\ 1 \end{pmatrix}}{}
,
! Misplaced \cr.
<inserted text> \cr
l.506 ...ac{S\rho}{\sigma_v} \\ 1 \end{pmatrix}}{}
,
! Missing \cr inserted.
<inserted text>
\cr
l.506 ...ac{S\rho}{\sigma_v} \\ 1 \end{pmatrix}}{}
,
! Misplaced \cr.
<inserted text> \cr
l.506 ...ac{S\rho}{\sigma_v} \\ 1 \end{pmatrix}}{}
,
! Missing \cr inserted.
<inserted text>
\cr
l.506 ...ac{S\rho}{\sigma_v} \\ 1 \end{pmatrix}}{}
,
! Misplaced \cr.
<inserted text> \cr
l.506 ...ac{S\rho}{\sigma_v} \\ 1 \end{pmatrix}}{}
,
! Missing \cr inserted.
<inserted text>
\cr
l.506 ...ac{S\rho}{\sigma_v} \\ 1 \end{pmatrix}}{}
,
! Misplaced \cr.
<inserted text> \cr
l.506 ...ac{S\rho}{\sigma_v} \\ 1 \end{pmatrix}}{}
,
! Missing \cr inserted.
<inserted text>
\cr
l.506 ...ac{S\rho}{\sigma_v} \\ 1 \end{pmatrix}}{}
,
! Misplaced \cr.
<inserted text> \cr
l.506 ...ac{S\rho}{\sigma_v} \\ 1 \end{pmatrix}}{}
,
! Missing \cr inserted.
<inserted text>
\cr
l.506 ...ac{S\rho}{\sigma_v} \\ 1 \end{pmatrix}}{}
,
! Misplaced \cr.
<inserted text> \cr
l.506 ...ac{S\rho}{\sigma_v} \\ 1 \end{pmatrix}}{}
,
! Missing \cr inserted.
<inserted text>
\cr
l.506 ...ac{S\rho}{\sigma_v} \\ 1 \end{pmatrix}}{}
,
! Misplaced \cr.
<inserted text> \cr
l.506 ...ac{S\rho}{\sigma_v} \\ 1 \end{pmatrix}}{}
,
! Missing \cr inserted.
<inserted text>
\cr
l.506 ...ac{S\rho}{\sigma_v} \\ 1 \end{pmatrix}}{}
,
! Misplaced \cr.
<inserted text> \cr
l.506 ...ac{S\rho}{\sigma_v} \\ 1 \end{pmatrix}}{}
,
! Missing \cr inserted.
<inserted text>
\cr
l.506 ...ac{S\rho}{\sigma_v} \\ 1 \end{pmatrix}}{}
,
! Misplaced \cr.
<inserted text> \cr
l.506 ...ac{S\rho}{\sigma_v} \\ 1 \end{pmatrix}}{}
,
! Missing \cr inserted.
<inserted text>
\cr
l.506 ...ac{S\rho}{\sigma_v} \\ 1 \end{pmatrix}}{}
,
! Misplaced \cr.
<inserted text> \cr
l.506 ...ac{S\rho}{\sigma_v} \\ 1 \end{pmatrix}}{}
,
! Missing \cr inserted.
<inserted text>
\cr
l.506 ...ac{S\rho}{\sigma_v} \\ 1 \end{pmatrix}}{}
,
! Misplaced \cr.
<inserted text> \cr
l.506 ...ac{S\rho}{\sigma_v} \\ 1 \end{pmatrix}}{}
,
! Missing \cr inserted.
<inserted text>
\cr
l.506 ...ac{S\rho}{\sigma_v} \\ 1 \end{pmatrix}}{}
,
! Misplaced \cr.
<inserted text> \cr
l.506 ...ac{S\rho}{\sigma_v} \\ 1 \end{pmatrix}}{}
,
! Missing \cr inserted.
<inserted text>
\cr
l.506 ...ac{S\rho}{\sigma_v} \\ 1 \end{pmatrix}}{}
,
! Misplaced \cr.
<inserted text> \cr
l.506 ...ac{S\rho}{\sigma_v} \\ 1 \end{pmatrix}}{}
,
! Missing \cr inserted.
<inserted text>
\cr
l.506 ...ac{S\rho}{\sigma_v} \\ 1 \end{pmatrix}}{}
,
! Misplaced \cr.
<inserted text> \cr
l.506 ...ac{S\rho}{\sigma_v} \\ 1 \end{pmatrix}}{}
,
! Missing \cr inserted.
<inserted text>
\cr
l.506 ...ac{S\rho}{\sigma_v} \\ 1 \end{pmatrix}}{}
,
! Misplaced \cr.
<inserted text> \cr
l.506 ...ac{S\rho}{\sigma_v} \\ 1 \end{pmatrix}}{}
,
! Missing \cr inserted.
<inserted text>
\cr
l.506 ...ac{S\rho}{\sigma_v} \\ 1 \end{pmatrix}}{}
,
! Misplaced \cr.
<inserted text> \cr
l.506 ...ac{S\rho}{\sigma_v} \\ 1 \end{pmatrix}}{}
,
! Missing \cr inserted.
<inserted text>
\cr
l.506 ...ac{S\rho}{\sigma_v} \\ 1 \end{pmatrix}}{}
,
! Misplaced \cr.
<inserted text> \cr
l.506 ...ac{S\rho}{\sigma_v} \\ 1 \end{pmatrix}}{}
,
! Missing \cr inserted.
<inserted text>
\cr
l.506 ...ac{S\rho}{\sigma_v} \\ 1 \end{pmatrix}}{}
,
! Misplaced \cr.
<inserted text> \cr
l.506 ...ac{S\rho}{\sigma_v} \\ 1 \end{pmatrix}}{}
,
! Missing \cr inserted.
<inserted text>
\cr
l.506 ...ac{S\rho}{\sigma_v} \\ 1 \end{pmatrix}}{}
,
! Misplaced \cr.
<inserted text> \cr
l.506 ...ac{S\rho}{\sigma_v} \\ 1 \end{pmatrix}}{}
,
! Missing \cr inserted.
<inserted text>
\cr
l.506 ...ac{S\rho}{\sigma_v} \\ 1 \end{pmatrix}}{}
,
! Misplaced \cr.
<inserted text> \cr
l.506 ...ac{S\rho}{\sigma_v} \\ 1 \end{pmatrix}}{}
,
! Missing \cr inserted.
<inserted text>
\cr
l.506 ...ac{S\rho}{\sigma_v} \\ 1 \end{pmatrix}}{}
,
! Misplaced \cr.
<inserted text> \cr
l.506 ...ac{S\rho}{\sigma_v} \\ 1 \end{pmatrix}}{}
,
! Missing \cr inserted.
<inserted text>
\cr
l.506 ...ac{S\rho}{\sigma_v} \\ 1 \end{pmatrix}}{}
,
! Misplaced \cr.
<inserted text> \cr
l.506 ...ac{S\rho}{\sigma_v} \\ 1 \end{pmatrix}}{}
,
! Missing \cr inserted.
<inserted text>
\cr
l.506 ...ac{S\rho}{\sigma_v} \\ 1 \end{pmatrix}}{}
,
! Misplaced \cr.
<inserted text> \cr
l.506 ...ac{S\rho}{\sigma_v} \\ 1 \end{pmatrix}}{}
,
! Missing \cr inserted.
<inserted text>
\cr
l.506 ...ac{S\rho}{\sigma_v} \\ 1 \end{pmatrix}}{}
,
! Misplaced \cr.
<inserted text> \cr
l.506 ...ac{S\rho}{\sigma_v} \\ 1 \end{pmatrix}}{}
,
! Missing \cr inserted.
<inserted text>
\cr
l.506 ...ac{S\rho}{\sigma_v} \\ 1 \end{pmatrix}}{}
,
! Misplaced \cr.
<inserted text> \cr
l.506 ...ac{S\rho}{\sigma_v} \\ 1 \end{pmatrix}}{}
,
! Missing \cr inserted.
<inserted text>
\cr
l.506 ...ac{S\rho}{\sigma_v} \\ 1 \end{pmatrix}}{}
,
! Misplaced \cr.
<inserted text> \cr
l.506 ...ac{S\rho}{\sigma_v} \\ 1 \end{pmatrix}}{}
,
! Missing \cr inserted.
<inserted text>
\cr
l.506 ...ac{S\rho}{\sigma_v} \\ 1 \end{pmatrix}}{}
,
! Misplaced \cr.
<inserted text> \cr
l.506 ...ac{S\rho}{\sigma_v} \\ 1 \end{pmatrix}}{}
,
! Missing \cr inserted.
<inserted text>
\cr
l.506 ...ac{S\rho}{\sigma_v} \\ 1 \end{pmatrix}}{}
,
! Misplaced \cr.
<inserted text> \cr
l.506 ...ac{S\rho}{\sigma_v} \\ 1 \end{pmatrix}}{}
,
! Missing \cr inserted.
<inserted text>
\cr
l.506 ...ac{S\rho}{\sigma_v} \\ 1 \end{pmatrix}}{}
,
! Misplaced \cr.
<inserted text> \cr
l.506 ...ac{S\rho}{\sigma_v} \\ 1 \end{pmatrix}}{}
,
! Missing \cr inserted.
<inserted text>
\cr
l.506 ...ac{S\rho}{\sigma_v} \\ 1 \end{pmatrix}}{}
,
! Misplaced \cr.
<inserted text> \cr
l.506 ...ac{S\rho}{\sigma_v} \\ 1 \end{pmatrix}}{}
,
! Missing \cr inserted.
<inserted text>
\cr
l.506 ...ac{S\rho}{\sigma_v} \\ 1 \end{pmatrix}}{}
,
! Misplaced \cr.
<inserted text> \cr
l.506 ...ac{S\rho}{\sigma_v} \\ 1 \end{pmatrix}}{}
,
! Missing \cr inserted.
<inserted text>
\cr
l.506 ...ac{S\rho}{\sigma_v} \\ 1 \end{pmatrix}}{}
,
! Misplaced \cr.
<inserted text> \cr
l.506 ...ac{S\rho}{\sigma_v} \\ 1 \end{pmatrix}}{}
,
! Missing \cr inserted.
<inserted text>
\cr
l.506 ...ac{S\rho}{\sigma_v} \\ 1 \end{pmatrix}}{}
,
! Misplaced \cr.
<inserted text> \cr
l.506 ...ac{S\rho}{\sigma_v} \\ 1 \end{pmatrix}}{}
,
! Missing \cr inserted.
<inserted text>
\cr
l.506 ...ac{S\rho}{\sigma_v} \\ 1 \end{pmatrix}}{}
,
! Misplaced \cr.
<inserted text> \cr
l.506 ...ac{S\rho}{\sigma_v} \\ 1 \end{pmatrix}}{}
,
! Missing \cr inserted.
<inserted text>
\cr
l.506 ...ac{S\rho}{\sigma_v} \\ 1 \end{pmatrix}}{}
,
! Misplaced \cr.
<inserted text> \cr
l.506 ...ac{S\rho}{\sigma_v} \\ 1 \end{pmatrix}}{}
,
! Missing \cr inserted.
<inserted text>
\cr
l.506 ...ac{S\rho}{\sigma_v} \\ 1 \end{pmatrix}}{}
,
! Misplaced \cr.
<inserted text> \cr
l.506 ...ac{S\rho}{\sigma_v} \\ 1 \end{pmatrix}}{}
,
! Missing \cr inserted.
<inserted text>
\cr
l.506 ...ac{S\rho}{\sigma_v} \\ 1 \end{pmatrix}}{}
,
! Misplaced \cr.
<inserted text> \cr
l.506 ...ac{S\rho}{\sigma_v} \\ 1 \end{pmatrix}}{}
,
! Missing \cr inserted.
<inserted text>
\cr
l.506 ...ac{S\rho}{\sigma_v} \\ 1 \end{pmatrix}}{}
,
! ==> Fatal error occurred, no output PDF file produced!
Flavors: r-oldrel-macos-arm64, r-oldrel-macos-x86_64
Version: 1.0.0
Check: PDF version of manual without index
Result: ERROR
Flavors: r-oldrel-macos-arm64, r-oldrel-macos-x86_64