CRAN Package Check Results for Package serieslcb

Last updated on 2024-02-20 04:24:07 CET.

Flavor Version Tinstall Tcheck Ttotal Status Flags
r-devel-linux-x86_64-debian-clang 0.4.0 NOTE
r-devel-linux-x86_64-debian-gcc 0.4.0 3.90 32.61 36.51 NOTE
r-devel-linux-x86_64-fedora-clang 0.4.0 58.88 NOTE
r-devel-linux-x86_64-fedora-gcc 0.4.0 58.15 NOTE
r-devel-windows-x86_64 0.4.0 6.00 56.00 62.00 NOTE
r-patched-linux-x86_64 0.4.0 5.05 42.19 47.24 NOTE
r-release-linux-x86_64 0.4.0 4.60 41.66 46.26 NOTE
r-release-macos-arm64 0.4.0 23.00 NOTE
r-release-macos-x86_64 0.4.0 30.00 NOTE
r-release-windows-x86_64 0.4.0 7.00 62.00 69.00 NOTE
r-oldrel-macos-arm64 0.4.0 21.00 NOTE
r-oldrel-windows-x86_64 0.4.0 9.00 64.00 73.00 NOTE

Check Details

Version: 0.4.0
Check: LazyData
Result: NOTE 'LazyData' is specified without a 'data' directory Flavors: r-devel-linux-x86_64-debian-clang, r-devel-linux-x86_64-debian-gcc, r-devel-linux-x86_64-fedora-clang, r-devel-linux-x86_64-fedora-gcc, r-devel-windows-x86_64, r-patched-linux-x86_64, r-release-linux-x86_64, r-release-macos-arm64, r-release-macos-x86_64, r-release-windows-x86_64, r-oldrel-macos-arm64, r-oldrel-windows-x86_64