Last updated on 2023-11-30 04:53:06 CET.
Flavor | Version | Tinstall | Tcheck | Ttotal | Status | Flags |
---|---|---|---|---|---|---|
r-devel-linux-x86_64-debian-clang | 4.2-30 | 14.02 | 128.97 | 142.99 | WARN | |
r-devel-linux-x86_64-debian-gcc | 4.2-30 | 11.06 | 98.93 | 109.99 | WARN | |
r-devel-linux-x86_64-fedora-clang | 4.2-30 | 187.64 | WARN | |||
r-devel-linux-x86_64-fedora-gcc | 4.2-30 | 178.57 | WARN | |||
r-devel-windows-x86_64 | 4.2-30 | 18.00 | 153.00 | 171.00 | NOTE | |
r-patched-linux-x86_64 | 4.2-30 | 21.91 | 126.50 | 148.41 | OK | |
r-release-linux-x86_64 | 4.2-30 | 17.37 | 126.05 | 143.42 | OK | |
r-release-macos-arm64 | 4.2-30 | 60.00 | NOTE | |||
r-release-macos-x86_64 | 4.2-30 | 95.00 | NOTE | |||
r-release-windows-x86_64 | 4.2-30 | 24.00 | 182.00 | 206.00 | NOTE | |
r-oldrel-macos-arm64 | 4.2-30 | 59.00 | NOTE | |||
r-oldrel-macos-x86_64 | 4.2-30 | 73.00 | NOTE | |||
r-oldrel-windows-x86_64 | 4.2-30 | 24.00 | 181.00 | 205.00 | NOTE |
Version: 4.2-30
Check: whether package can be installed
Result: WARN
Found the following significant warnings:
getzlibsock.c:145:48: warning: format specifies type 'int' but the argument has type 'unsigned long' [-Wformat]
See ‘/home/hornik/tmp/R.check/r-devel-clang/Work/PKGS/seqinr.Rcheck/00install.out’ for details.
* used C compiler: ‘Debian clang version 17.0.5 (1)’
Flavor: r-devel-linux-x86_64-debian-clang
Version: 4.2-30
Check: whether package can be installed
Result: WARN
Found the following significant warnings:
getzlibsock.c:145:42: warning: format ‘%d’ expects argument of type ‘int’, but argument 3 has type ‘size_t’ {aka ‘long unsigned int’} [-Wformat=]
See ‘/home/hornik/tmp/R.check/r-devel-gcc/Work/PKGS/seqinr.Rcheck/00install.out’ for details.
* used C compiler: ‘gcc-13 (Debian 13.2.0-5) 13.2.0’
Flavor: r-devel-linux-x86_64-debian-gcc
Version: 4.2-30
Check: whether package can be installed
Result: WARN
Found the following significant warnings:
getzlibsock.c:145:48: warning: format specifies type 'int' but the argument has type 'unsigned long' [-Wformat]
See ‘/data/gannet/ripley/R/packages/tests-clang/seqinr.Rcheck/00install.out’ for details.
* used C compiler: ‘clang version 17.0.5’
Flavor: r-devel-linux-x86_64-fedora-clang
Version: 4.2-30
Check: installed package size
Result: NOTE
installed size is 5.4Mb
sub-directories of 1Mb or more:
data 1.5Mb
sequences 1.9Mb
Flavors: r-devel-linux-x86_64-fedora-clang, r-devel-windows-x86_64, r-release-macos-arm64, r-release-macos-x86_64, r-release-windows-x86_64, r-oldrel-macos-arm64, r-oldrel-macos-x86_64, r-oldrel-windows-x86_64
Version: 4.2-30
Check: whether package can be installed
Result: WARN
Found the following significant warnings:
getzlibsock.c:145:42: warning: format '%d' expects argument of type 'int', but argument 3 has type 'size_t' {aka 'long unsigned int'} [-Wformat=]
See ‘/data/gannet/ripley/R/packages/tests-devel/seqinr.Rcheck/00install.out’ for details.
* used C compiler: ‘gcc-13 (GCC) 13.2.0’
Flavor: r-devel-linux-x86_64-fedora-gcc