CRAN Package Check Results for Package sentiment.ai

Last updated on 2023-12-01 04:54:09 CET.

Flavor Version Tinstall Tcheck Ttotal Status Flags
r-devel-linux-x86_64-debian-clang 0.1.1 10.95 94.67 105.62 OK
r-devel-linux-x86_64-debian-gcc 0.1.1 7.99 68.86 76.85 OK
r-devel-linux-x86_64-fedora-clang 0.1.1 131.49 NOTE
r-devel-linux-x86_64-fedora-gcc 0.1.1 132.20 NOTE
r-devel-windows-x86_64 0.1.1 10.00 90.00 100.00 OK
r-patched-linux-x86_64 0.1.1 9.51 86.91 96.42 OK
r-release-linux-x86_64 0.1.1 9.69 86.64 96.33 OK
r-release-macos-arm64 0.1.1 47.00 OK
r-release-macos-x86_64 0.1.1 79.00 OK
r-release-windows-x86_64 0.1.1 17.00 99.00 116.00 OK
r-oldrel-macos-arm64 0.1.1 42.00 NOTE
r-oldrel-macos-x86_64 0.1.1 73.00 NOTE
r-oldrel-windows-x86_64 0.1.1 12.00 108.00 120.00 OK

Check Details

Version: 0.1.1
Check: data for non-ASCII characters
Result: NOTE Note: found 836 marked UTF-8 strings Flavors: r-devel-linux-x86_64-fedora-clang, r-devel-linux-x86_64-fedora-gcc, r-oldrel-macos-arm64, r-oldrel-macos-x86_64