Last updated on 2023-12-02 04:52:29 CET.
Flavor | Version | Tinstall | Tcheck | Ttotal | Status | Flags |
---|---|---|---|---|---|---|
r-devel-linux-x86_64-debian-clang | 0.2.3 | 1392.84 | 44.71 | 1437.55 | NOTE | |
r-devel-linux-x86_64-debian-gcc | 0.2.3 | 564.32 | 34.14 | 598.46 | NOTE | |
r-devel-linux-x86_64-fedora-clang | 0.2.3 | 1252.09 | NOTE | |||
r-devel-linux-x86_64-fedora-gcc | 0.2.3 | 1252.32 | NOTE | |||
r-devel-windows-x86_64 | 0.2.3 | 568.00 | 88.00 | 656.00 | NOTE | |
r-patched-linux-x86_64 | 0.2.3 | 662.28 | 43.05 | 705.33 | NOTE | |
r-release-linux-x86_64 | 0.2.3 | 668.89 | 43.11 | 712.00 | NOTE | |
r-release-macos-arm64 | 0.2.3 | 245.00 | NOTE | |||
r-release-macos-x86_64 | 0.2.3 | 443.00 | NOTE | |||
r-release-windows-x86_64 | 0.2.3 | 638.00 | 99.00 | 737.00 | NOTE | |
r-oldrel-macos-arm64 | 0.2.3 | 237.00 | NOTE | |||
r-oldrel-macos-x86_64 | 0.2.3 | 288.00 | NOTE | |||
r-oldrel-windows-x86_64 | 0.2.3 | 781.00 | 99.00 | 880.00 | NOTE |
Version: 0.2.3
Check: C++ specification
Result: NOTE
Specified C++11: please drop specification unless essential
Flavors: r-devel-linux-x86_64-debian-clang, r-devel-linux-x86_64-debian-gcc, r-devel-linux-x86_64-fedora-clang, r-devel-linux-x86_64-fedora-gcc, r-devel-windows-x86_64, r-patched-linux-x86_64, r-release-linux-x86_64, r-release-macos-arm64, r-release-macos-x86_64, r-release-windows-x86_64
Version: 0.2.3
Check: installed package size
Result: NOTE
installed size is 5.0Mb
sub-directories of 1Mb or more:
libs 3.3Mb
models 1.6Mb
Flavors: r-devel-windows-x86_64, r-release-macos-arm64, r-release-macos-x86_64, r-release-windows-x86_64, r-oldrel-macos-arm64, r-oldrel-macos-x86_64, r-oldrel-windows-x86_64