Last updated on 2023-12-02 04:52:29 CET.
Flavor | Version | Tinstall | Tcheck | Ttotal | Status | Flags |
---|---|---|---|---|---|---|
r-devel-linux-x86_64-debian-clang | 0.5-6 | 38.97 | 342.46 | 381.43 | NOTE | |
r-devel-linux-x86_64-debian-gcc | 0.5-6 | 26.21 | 253.30 | 279.51 | NOTE | |
r-devel-linux-x86_64-fedora-clang | 0.5-6 | 493.76 | OK | |||
r-devel-linux-x86_64-fedora-gcc | 0.5-6 | 468.67 | OK | |||
r-devel-windows-x86_64 | 0.5-6 | 31.00 | 277.00 | 308.00 | OK | |
r-patched-linux-x86_64 | 0.5-6 | 31.54 | 332.16 | 363.70 | NOTE | |
r-release-linux-x86_64 | 0.5-6 | 33.75 | 330.86 | 364.61 | OK | |
r-release-macos-arm64 | 0.5-6 | 122.00 | OK | |||
r-release-macos-x86_64 | 0.5-6 | 188.00 | NOTE | |||
r-release-windows-x86_64 | 0.5-6 | 32.00 | 367.00 | 399.00 | OK | |
r-oldrel-macos-arm64 | 0.5-6 | 115.00 | OK | |||
r-oldrel-macos-x86_64 | 0.5-6 | 150.00 | OK | |||
r-oldrel-windows-x86_64 | 0.5-6 | 44.00 | 327.00 | 371.00 | OK |
Version: 0.5-6
Check: Rd files
Result: NOTE
checkRd: (-1) PAVranking.Rd:77-79: Lost braces in \itemize; \value handles \item{}{} directly
checkRd: (-1) PAVranking.Rd:80-82: Lost braces in \itemize; \value handles \item{}{} directly
checkRd: (-1) PAVranking.Rd:83-85: Lost braces in \itemize; \value handles \item{}{} directly
checkRd: (-1) PAVranking.Rd:86-87: Lost braces in \itemize; \value handles \item{}{} directly
Flavors: r-devel-linux-x86_64-debian-clang, r-devel-linux-x86_64-debian-gcc
Version: 0.5-6
Check: package dependencies
Result: NOTE
Package suggested but not available for checking: ‘blavaan’
Flavor: r-patched-linux-x86_64
Version: 0.5-6
Check: package dependencies
Result: NOTE
Packages suggested but not available for checking: 'blavaan', 'emmeans'
Flavor: r-release-macos-x86_64
Version: 0.5-6
Check: Rd cross-references
Result: NOTE
Package unavailable to check Rd xrefs: ‘blavaan’
Flavor: r-release-macos-x86_64