CRAN Package Check Results for Package secret

Last updated on 2023-12-07 04:56:37 CET.

Flavor Version Tinstall Tcheck Ttotal Status Flags
r-devel-linux-x86_64-debian-clang 1.1.0 2.18 32.16 34.34 NOTE
r-devel-linux-x86_64-debian-gcc 1.1.0 2.55 25.89 28.44 NOTE
r-devel-linux-x86_64-fedora-clang 1.1.0 47.10 NOTE
r-devel-linux-x86_64-fedora-gcc 1.1.0 55.14 NOTE
r-devel-windows-x86_64 1.1.0 4.00 52.00 56.00 NOTE
r-patched-linux-x86_64 1.1.0 3.91 31.40 35.31 NOTE
r-release-linux-x86_64 1.1.0 3.06 32.58 35.64 NOTE
r-release-macos-arm64 1.1.0 26.00 NOTE
r-release-macos-x86_64 1.1.0 51.00 NOTE
r-release-windows-x86_64 1.1.0 4.00 53.00 57.00 NOTE
r-oldrel-macos-arm64 1.1.0 21.00 NOTE
r-oldrel-macos-x86_64 1.1.0 25.00 NOTE
r-oldrel-windows-x86_64 1.1.0 5.00 53.00 58.00 NOTE

Check Details

Version: 1.1.0
Check: LazyData
Result: NOTE 'LazyData' is specified without a 'data' directory Flavors: r-devel-linux-x86_64-debian-clang, r-devel-linux-x86_64-debian-gcc, r-devel-linux-x86_64-fedora-clang, r-devel-linux-x86_64-fedora-gcc, r-devel-windows-x86_64, r-patched-linux-x86_64, r-release-linux-x86_64, r-release-macos-arm64, r-release-macos-x86_64, r-release-windows-x86_64, r-oldrel-macos-arm64, r-oldrel-macos-x86_64, r-oldrel-windows-x86_64