CRAN Package Check Results for Package sdafilter

Last updated on 2024-03-04 04:51:42 CET.

Flavor Version Tinstall Tcheck Ttotal Status Flags
r-devel-linux-x86_64-debian-clang 1.0.0 2.31 33.78 36.09 NOTE
r-devel-linux-x86_64-debian-gcc 1.0.0 1.72 25.49 27.21 NOTE
r-devel-linux-x86_64-fedora-clang 1.0.0 45.79 NOTE
r-devel-linux-x86_64-fedora-gcc 1.0.0 41.46 NOTE
r-devel-windows-x86_64 1.0.0 3.00 46.00 49.00 NOTE
r-patched-linux-x86_64 1.0.0 2.48 33.22 35.70 NOTE
r-release-linux-x86_64 1.0.0 2.35 33.30 35.65 NOTE
r-release-macos-arm64 1.0.0 21.00 NOTE
r-release-macos-x86_64 1.0.0 26.00 NOTE
r-release-windows-x86_64 1.0.0 4.00 49.00 53.00 NOTE
r-oldrel-macos-arm64 1.0.0 19.00 NOTE
r-oldrel-windows-x86_64 1.0.0 4.00 53.00 57.00 NOTE

Check Details

Version: 1.0.0
Check: LazyData
Result: NOTE 'LazyData' is specified without a 'data' directory Flavors: r-devel-linux-x86_64-debian-clang, r-devel-linux-x86_64-debian-gcc, r-devel-linux-x86_64-fedora-clang, r-devel-linux-x86_64-fedora-gcc, r-devel-windows-x86_64, r-patched-linux-x86_64, r-release-linux-x86_64, r-release-macos-arm64, r-release-macos-x86_64, r-release-windows-x86_64, r-oldrel-macos-arm64, r-oldrel-windows-x86_64