Last updated on 2023-12-07 04:56:37 CET.
Flavor | Version | Tinstall | Tcheck | Ttotal | Status | Flags |
---|---|---|---|---|---|---|
r-devel-linux-x86_64-debian-clang | 0.4.1 | 55.77 | 118.43 | 174.20 | NOTE | |
r-devel-linux-x86_64-debian-gcc | 0.4.1 | 37.32 | 88.32 | 125.64 | NOTE | |
r-devel-linux-x86_64-fedora-clang | 0.4.1 | 238.77 | NOTE | |||
r-devel-linux-x86_64-fedora-gcc | 0.4.1 | 215.95 | NOTE | |||
r-devel-windows-x86_64 | 0.4.1 | 43.00 | 133.00 | 176.00 | OK | |
r-patched-linux-x86_64 | 0.4.1 | 45.56 | 113.04 | 158.60 | NOTE | |
r-release-linux-x86_64 | 0.4.1 | 45.95 | 113.55 | 159.50 | NOTE | |
r-release-macos-arm64 | 0.4.1 | 62.00 | NOTE | |||
r-release-macos-x86_64 | 0.4.1 | 128.00 | NOTE | |||
r-release-windows-x86_64 | 0.4.1 | 55.00 | 157.00 | 212.00 | OK | |
r-oldrel-macos-arm64 | 0.4.1 | 65.00 | NOTE | |||
r-oldrel-macos-x86_64 | 0.4.1 | 101.00 | NOTE | |||
r-oldrel-windows-x86_64 | 0.4.1 | 53.00 | 154.00 | 207.00 | OK |
Version: 0.4.1
Check: package dependencies
Result: NOTE
Package which this enhances but not available for checking: ‘glmGamPoi’
Flavors: r-devel-linux-x86_64-debian-clang, r-devel-linux-x86_64-debian-gcc, r-devel-linux-x86_64-fedora-clang, r-devel-linux-x86_64-fedora-gcc, r-patched-linux-x86_64, r-release-linux-x86_64, r-release-macos-arm64, r-release-macos-x86_64, r-oldrel-macos-arm64, r-oldrel-macos-x86_64