CRAN Package Check Results for Package scriptName

Last updated on 2024-06-14 05:58:38 CEST.

Flavor Version Tinstall Tcheck Ttotal Status Flags
r-devel-linux-x86_64-debian-clang 1.0.1 2.53 39.05 41.58 OK
r-devel-linux-x86_64-debian-gcc 1.0.1 0.35 1.68 2.03 ERROR
r-devel-linux-x86_64-fedora-clang 1.0.1 52.73 OK
r-devel-linux-x86_64-fedora-gcc 1.0.1 50.70 OK
r-devel-windows-x86_64 1.0.1 3.00 58.00 61.00 OK
r-patched-linux-x86_64 1.0.1 2.52 38.07 40.59 OK
r-release-linux-x86_64 1.0.1 2.88 37.32 40.20 OK
r-release-macos-arm64 1.0.1 23.00 OK
r-release-macos-x86_64 1.0.1 30.00 OK
r-release-windows-x86_64 1.0.1 4.00 61.00 65.00 OK
r-oldrel-macos-arm64 1.0.1 23.00 OK
r-oldrel-macos-x86_64 1.0.1 28.00 OK
r-oldrel-windows-x86_64 1.0.1 4.00 60.00 64.00 OK

Check Details

Version: 1.0.1
Check: package dependencies
Result: ERROR Package required but not available: ‘purrr’ Packages suggested but not available for checking: 'testthat', 'devtools' See section ‘The DESCRIPTION file’ in the ‘Writing R Extensions’ manual. Flavor: r-devel-linux-x86_64-debian-gcc