Last updated on 2023-12-03 04:56:20 CET.
Flavor | Version | Tinstall | Tcheck | Ttotal | Status | Flags |
---|---|---|---|---|---|---|
r-devel-linux-x86_64-debian-clang | 0.1.2 | 4.01 | 436.55 | 440.56 | NOTE | |
r-devel-linux-x86_64-debian-gcc | 0.1.2 | 3.72 | 313.59 | 317.31 | NOTE | |
r-devel-linux-x86_64-fedora-clang | 0.1.2 | 556.21 | NOTE | |||
r-devel-linux-x86_64-fedora-gcc | 0.1.2 | 600.18 | NOTE | |||
r-devel-windows-x86_64 | 0.1.2 | 7.00 | 265.00 | 272.00 | NOTE | |
r-patched-linux-x86_64 | 0.1.2 | 5.66 | 397.36 | 403.02 | NOTE | |
r-release-linux-x86_64 | 0.1.2 | 4.54 | 390.41 | 394.95 | NOTE | |
r-release-macos-arm64 | 0.1.2 | 207.00 | NOTE | |||
r-release-macos-x86_64 | 0.1.2 | 558.00 | NOTE | |||
r-release-windows-x86_64 | 0.1.2 | 7.00 | 342.00 | 349.00 | NOTE | |
r-oldrel-macos-arm64 | 0.1.2 | 169.00 | OK | |||
r-oldrel-macos-x86_64 | 0.1.2 | 813.00 | OK | |||
r-oldrel-windows-x86_64 | 0.1.2 | 10.00 | 336.00 | 346.00 | OK |
Version: 0.1.2
Check: Rd \usage sections
Result: NOTE
S3 methods shown with full name in Rd file 'plot.Rd':
‘plot.discretization’
S3 methods shown with full name in Rd file 'predict.Rd':
‘predict.discretization’ ‘predict.reject_infered’
S3 methods shown with full name in Rd file 'summary.Rd':
‘summary.discretization’
The \usage entries for S3 methods should use the \method markup and not
their full name.
See chapter ‘Writing R documentation files’ in the ‘Writing R
Extensions’ manual.
Flavors: r-devel-linux-x86_64-debian-clang, r-devel-linux-x86_64-debian-gcc, r-devel-linux-x86_64-fedora-clang, r-devel-linux-x86_64-fedora-gcc, r-devel-windows-x86_64
Version: 0.1.2
Check: Rd \usage sections
Result: NOTE
S3 methods shown with full name in documentation object 'plot':
‘plot.discretization’
S3 methods shown with full name in documentation object 'predict':
‘predict.discretization’ ‘predict.reject_infered’
S3 methods shown with full name in documentation object 'summary':
‘summary.discretization’
The \usage entries for S3 methods should use the \method markup and not
their full name.
See chapter ‘Writing R documentation files’ in the ‘Writing R
Extensions’ manual.
Flavors: r-patched-linux-x86_64, r-release-linux-x86_64, r-release-macos-arm64, r-release-macos-x86_64, r-release-windows-x86_64