Last updated on 2023-12-08 05:02:17 CET.
Flavor | Version | Tinstall | Tcheck | Ttotal | Status | Flags |
---|---|---|---|---|---|---|
r-devel-linux-x86_64-debian-clang | 1.1.1 | 69.19 | 280.88 | 350.07 | OK | |
r-devel-linux-x86_64-debian-gcc | 1.1.1 | 52.20 | 201.67 | 253.87 | OK | |
r-devel-linux-x86_64-fedora-clang | 1.1.1 | 450.32 | OK | |||
r-devel-linux-x86_64-fedora-gcc | 1.1.1 | 455.79 | OK | |||
r-devel-windows-x86_64 | 1.1.1 | 56.00 | 287.00 | 343.00 | OK | |
r-patched-linux-x86_64 | 1.1.1 | 58.88 | 261.60 | 320.48 | OK | |
r-release-linux-x86_64 | 1.1.1 | 60.54 | 276.39 | 336.93 | OK | |
r-release-macos-arm64 | 1.1.1 | 131.00 | NOTE | |||
r-release-macos-x86_64 | 1.1.1 | 370.00 | NOTE | |||
r-release-windows-x86_64 | 1.1.1 | 73.00 | 327.00 | 400.00 | OK | |
r-oldrel-macos-arm64 | 1.1.1 | 132.00 | NOTE | |||
r-oldrel-macos-x86_64 | 1.1.1 | 152.00 | NOTE | |||
r-oldrel-windows-x86_64 | 1.1.1 | 67.00 | 327.00 | 394.00 | OK |
Version: 1.1.1
Check: installed package size
Result: NOTE
installed size is 6.1Mb
sub-directories of 1Mb or more:
libs 3.9Mb
Flavors: r-release-macos-arm64, r-release-macos-x86_64, r-oldrel-macos-arm64, r-oldrel-macos-x86_64