CRAN Package Check Results for Package scMappR

Last updated on 2024-02-23 05:07:31 CET.

Flavor Version Tinstall Tcheck Ttotal Status Flags
r-devel-linux-x86_64-debian-clang 1.0.11 OK
r-devel-linux-x86_64-debian-gcc 1.0.11 54.12 512.13 566.25 OK
r-devel-linux-x86_64-fedora-clang 1.0.11 1002.25 OK
r-devel-linux-x86_64-fedora-gcc 1.0.11 962.56 OK
r-devel-windows-x86_64 1.0.11 66.00 474.00 540.00 OK
r-patched-linux-x86_64 1.0.11 53.73 671.24 724.97 OK
r-release-linux-x86_64 1.0.11 61.45 671.74 733.19 OK
r-release-macos-arm64 1.0.11 8.00 ERROR
r-release-macos-x86_64 1.0.11 7.00 ERROR
r-release-windows-x86_64 1.0.11 86.00 642.00 728.00 OK
r-oldrel-macos-arm64 1.0.11 202.00 OK
r-oldrel-windows-x86_64 1.0.11 85.00 570.00 655.00 OK

Check Details

Version: 1.0.11
Check: package dependencies
Result: ERROR Package required but not available: ‘GSVA’ See section ‘The DESCRIPTION file’ in the ‘Writing R Extensions’ manual. Flavors: r-release-macos-arm64, r-release-macos-x86_64