Last updated on 2023-12-02 04:52:28 CET.
Flavor | Version | Tinstall | Tcheck | Ttotal | Status | Flags |
---|---|---|---|---|---|---|
r-devel-linux-x86_64-debian-clang | 1.0.4 | 80.30 | 270.64 | 350.94 | OK | |
r-devel-linux-x86_64-debian-gcc | 1.0.4 | 57.21 | 201.24 | 258.45 | OK | |
r-devel-linux-x86_64-fedora-clang | 1.0.4 | 459.49 | NOTE | |||
r-devel-linux-x86_64-fedora-gcc | 1.0.4 | 465.12 | NOTE | |||
r-devel-windows-x86_64 | 1.0.4 | 60.00 | 229.00 | 289.00 | OK | |
r-patched-linux-x86_64 | 1.0.4 | 63.67 | 258.97 | 322.64 | OK | |
r-release-linux-x86_64 | 1.0.4 | 53.60 | 258.39 | 311.99 | OK | |
r-release-macos-arm64 | 1.0.4 | 126.00 | NOTE | |||
r-release-macos-x86_64 | 1.0.4 | 202.00 | NOTE | |||
r-release-windows-x86_64 | 1.0.4 | 84.00 | 293.00 | 377.00 | OK | |
r-oldrel-macos-arm64 | 1.0.4 | 143.00 | OK | |||
r-oldrel-macos-x86_64 | 1.0.4 | 155.00 | OK | |||
r-oldrel-windows-x86_64 | 1.0.4 | 80.00 | 274.00 | 354.00 | OK |
Version: 1.0.4
Check: package dependencies
Result: NOTE
Packages suggested but not available for checking: 'conos', 'pagoda2'
Flavors: r-devel-linux-x86_64-fedora-clang, r-devel-linux-x86_64-fedora-gcc
Version: 1.0.4
Check: package dependencies
Result: NOTE
Package suggested but not available for checking: ‘simplifyEnrichment’
Flavors: r-release-macos-arm64, r-release-macos-x86_64