Last updated on 2023-12-06 04:56:05 CET.
Flavor | Version | Tinstall | Tcheck | Ttotal | Status | Flags |
---|---|---|---|---|---|---|
r-devel-linux-x86_64-debian-clang | 2.0.0 | 3.84 | 34.35 | 38.19 | NOTE | |
r-devel-linux-x86_64-debian-gcc | 2.0.0 | 2.97 | 27.09 | 30.06 | NOTE | |
r-devel-linux-x86_64-fedora-clang | 2.0.0 | 52.37 | NOTE | |||
r-devel-linux-x86_64-fedora-gcc | 2.0.0 | 47.90 | NOTE | |||
r-devel-windows-x86_64 | 2.0.0 | 4.00 | 50.00 | 54.00 | NOTE | |
r-patched-linux-x86_64 | 2.0.0 | 4.09 | 34.31 | 38.40 | NOTE | |
r-release-linux-x86_64 | 2.0.0 | 3.93 | 33.45 | 37.38 | NOTE | |
r-release-macos-arm64 | 2.0.0 | 20.00 | NOTE | |||
r-release-macos-x86_64 | 2.0.0 | 27.00 | NOTE | |||
r-release-windows-x86_64 | 2.0.0 | 5.00 | 52.00 | 57.00 | NOTE | |
r-oldrel-macos-arm64 | 2.0.0 | 22.00 | NOTE | |||
r-oldrel-macos-x86_64 | 2.0.0 | 24.00 | NOTE | |||
r-oldrel-windows-x86_64 | 2.0.0 | 5.00 | 58.00 | 63.00 | NOTE |
Version: 2.0.0
Check: package dependencies
Result: NOTE
Package suggested but not available for checking: ‘networkTomography’
Flavors: r-devel-linux-x86_64-debian-clang, r-devel-linux-x86_64-debian-gcc, r-devel-linux-x86_64-fedora-clang, r-devel-linux-x86_64-fedora-gcc, r-devel-windows-x86_64, r-patched-linux-x86_64, r-release-linux-x86_64, r-release-windows-x86_64, r-oldrel-windows-x86_64
Version: 2.0.0
Check: data for non-ASCII characters
Result: NOTE
Note: found 6 marked UTF-8 strings
Flavors: r-devel-linux-x86_64-fedora-clang, r-devel-linux-x86_64-fedora-gcc, r-oldrel-macos-arm64, r-oldrel-macos-x86_64
Version: 2.0.0
Check: package dependencies
Result: NOTE
Packages suggested but not available for checking:
'GOstats', 'networkTomography', 'org.Sc.sgd.db'
Flavor: r-release-macos-arm64
Version: 2.0.0
Check: package dependencies
Result: NOTE
Packages suggested but not available for checking:
'GO.db', 'GOstats', 'car', 'ergm', 'networkTomography',
'org.Sc.sgd.db'
Flavor: r-release-macos-x86_64
Version: 2.0.0
Check: package dependencies
Result: NOTE
Packages suggested but not available for checking:
'GO.db', 'GOstats', 'org.Sc.sgd.db'
Flavor: r-oldrel-macos-arm64