Last updated on 2023-12-04 05:09:20 CET.
Flavor | Version | Tinstall | Tcheck | Ttotal | Status | Flags |
---|---|---|---|---|---|---|
r-devel-linux-x86_64-debian-clang | 0.1.0 | 78.08 | 141.13 | 219.21 | NOTE | |
r-devel-linux-x86_64-debian-gcc | 0.1.0 | 61.52 | 105.48 | 167.00 | NOTE | |
r-devel-linux-x86_64-fedora-clang | 0.1.0 | 319.63 | NOTE | |||
r-devel-linux-x86_64-fedora-gcc | 0.1.0 | 315.93 | NOTE | |||
r-devel-windows-x86_64 | 0.1.0 | 65.00 | 144.00 | 209.00 | NOTE | |
r-patched-linux-x86_64 | 0.1.0 | 73.23 | 137.78 | 211.01 | NOTE | |
r-release-linux-x86_64 | 0.1.0 | 79.37 | 135.10 | 214.47 | NOTE | |
r-release-macos-arm64 | 0.1.0 | 85.00 | NOTE | |||
r-release-macos-x86_64 | 0.1.0 | 156.00 | NOTE | |||
r-release-windows-x86_64 | 0.1.0 | 87.00 | 177.00 | 264.00 | NOTE | |
r-oldrel-macos-arm64 | 0.1.0 | 82.00 | NOTE | |||
r-oldrel-macos-x86_64 | 0.1.0 | 101.00 | NOTE | |||
r-oldrel-windows-x86_64 | 0.1.0 | 86.00 | 176.00 | 262.00 | NOTE |
Version: 0.1.0
Check: C++ specification
Result: NOTE
Specified C++11: please drop specification unless essential
Flavors: r-devel-linux-x86_64-debian-clang, r-devel-linux-x86_64-debian-gcc, r-devel-linux-x86_64-fedora-clang, r-devel-linux-x86_64-fedora-gcc, r-devel-windows-x86_64, r-patched-linux-x86_64, r-release-linux-x86_64, r-release-macos-arm64, r-release-macos-x86_64, r-release-windows-x86_64
Version: 0.1.0
Check: Rd files
Result: NOTE
checkRd: (-1) ModelHMMR-class.Rd:37: Lost braces; missing escapes or markup?
37 | class {StatHMMR}).
| ^
Flavors: r-devel-linux-x86_64-debian-clang, r-devel-linux-x86_64-debian-gcc
Version: 0.1.0
Check: installed package size
Result: NOTE
installed size is 6.6Mb
sub-directories of 1Mb or more:
doc 2.3Mb
help 3.4Mb
Flavors: r-devel-linux-x86_64-fedora-clang, r-devel-windows-x86_64, r-release-macos-arm64, r-release-macos-x86_64, r-release-windows-x86_64, r-oldrel-macos-arm64, r-oldrel-macos-x86_64, r-oldrel-windows-x86_64