Last updated on 2023-11-30 04:53:06 CET.
Flavor | Version | Tinstall | Tcheck | Ttotal | Status | Flags |
---|---|---|---|---|---|---|
r-devel-linux-x86_64-debian-clang | 1.1.3 | 5.23 | 64.77 | 70.00 | NOTE | |
r-devel-linux-x86_64-debian-gcc | 1.1.3 | 3.70 | 47.84 | 51.54 | NOTE | |
r-devel-linux-x86_64-fedora-clang | 1.1.3 | 86.19 | NOTE | |||
r-devel-linux-x86_64-fedora-gcc | 1.1.3 | 93.09 | NOTE | |||
r-devel-windows-x86_64 | 1.1.3 | 5.00 | 76.00 | 81.00 | NOTE | |
r-patched-linux-x86_64 | 1.1.3 | 3.18 | 62.98 | 66.16 | OK | |
r-release-linux-x86_64 | 1.1.3 | 4.56 | 61.45 | 66.01 | OK | |
r-release-macos-arm64 | 1.1.3 | 42.00 | OK | |||
r-release-macos-x86_64 | 1.1.3 | 91.00 | OK | |||
r-release-windows-x86_64 | 1.1.3 | 7.00 | 91.00 | 98.00 | OK | |
r-oldrel-macos-arm64 | 1.1.3 | 37.00 | OK | |||
r-oldrel-macos-x86_64 | 1.1.3 | 51.00 | OK | |||
r-oldrel-windows-x86_64 | 1.1.3 | 6.00 | 84.00 | 90.00 | OK |
Version: 1.1.3
Check: Rd \usage sections
Result: NOTE
Documented arguments not in \usage in Rd file 'file_status.Rd':
‘A’
Functions with \usage entries need to have the appropriate \alias
entries, and all their arguments documented.
The \usage entries must correspond to syntactically valid R code.
See chapter ‘Writing R documentation files’ in the ‘Writing R
Extensions’ manual.
Flavors: r-devel-linux-x86_64-debian-clang, r-devel-linux-x86_64-debian-gcc, r-devel-linux-x86_64-fedora-clang, r-devel-linux-x86_64-fedora-gcc, r-devel-windows-x86_64