Last updated on 2023-12-02 04:52:28 CET.
Flavor | Version | Tinstall | Tcheck | Ttotal | Status | Flags |
---|---|---|---|---|---|---|
r-devel-linux-x86_64-debian-clang | 0.1.3 | 22.55 | 81.03 | 103.58 | NOTE | |
r-devel-linux-x86_64-debian-gcc | 0.1.3 | 17.64 | 60.61 | 78.25 | NOTE | |
r-devel-linux-x86_64-fedora-clang | 0.1.3 | 146.08 | OK | |||
r-devel-linux-x86_64-fedora-gcc | 0.1.3 | 141.41 | OK | |||
r-devel-windows-x86_64 | 0.1.3 | 21.00 | 99.00 | 120.00 | OK | |
r-patched-linux-x86_64 | 0.1.3 | 13.63 | 76.63 | 90.26 | OK | |
r-release-linux-x86_64 | 0.1.3 | 13.54 | 77.00 | 90.54 | OK | |
r-release-macos-arm64 | 0.1.3 | 77.00 | OK | |||
r-release-macos-x86_64 | 0.1.3 | 92.00 | OK | |||
r-release-windows-x86_64 | 0.1.3 | 26.00 | 114.00 | 140.00 | OK | |
r-oldrel-macos-arm64 | 0.1.3 | 58.00 | OK | |||
r-oldrel-macos-x86_64 | 0.1.3 | 61.00 | OK | |||
r-oldrel-windows-x86_64 | 0.1.3 | 27.00 | 117.00 | 144.00 | OK |
Version: 0.1.3
Check: Rd files
Result: NOTE
checkRd: (-1) diff_ek.Rd:29: Lost braces in \itemize; meant \describe ?
checkRd: (-1) diff_nh.Rd:32: Lost braces in \itemize; meant \describe ?
checkRd: (-1) extract_saccades.Rd:94-97: Lost braces in \itemize; meant \describe ?
checkRd: (-1) extract_saccades.Rd:98: Lost braces in \itemize; meant \describe ?
checkRd: (-1) extract_saccades.Rd:99: Lost braces in \itemize; meant \describe ?
checkRd: (-1) extract_saccades.Rd:100: Lost braces in \itemize; meant \describe ?
checkRd: (-1) extract_saccades.Rd:101: Lost braces in \itemize; meant \describe ?
checkRd: (-1) extract_saccades.Rd:102: Lost braces in \itemize; meant \describe ?
checkRd: (-1) extract_saccades.Rd:103: Lost braces in \itemize; meant \describe ?
checkRd: (-1) extract_saccades.Rd:104: Lost braces in \itemize; meant \describe ?
checkRd: (-1) extract_saccades.Rd:105: Lost braces in \itemize; meant \describe ?
checkRd: (-1) extract_saccades.Rd:106: Lost braces in \itemize; meant \describe ?
checkRd: (-1) extract_saccades.Rd:107: Lost braces in \itemize; meant \describe ?
checkRd: (-1) extract_saccades.Rd:108: Lost braces in \itemize; meant \describe ?
checkRd: (-1) extract_saccades.Rd:109: Lost braces in \itemize; meant \describe ?
checkRd: (-1) extract_saccades.Rd:110: Lost braces in \itemize; meant \describe ?
checkRd: (-1) extract_saccades.Rd:111: Lost braces in \itemize; meant \describe ?
checkRd: (-1) extract_saccades.Rd:112: Lost braces in \itemize; meant \describe ?
checkRd: (-1) extract_saccades.Rd:113: Lost braces in \itemize; meant \describe ?
checkRd: (-1) extract_saccades.Rd:114: Lost braces in \itemize; meant \describe ?
checkRd: (-1) extract_saccades.Rd:115: Lost braces in \itemize; meant \describe ?
checkRd: (-1) extract_saccades.Rd:116: Lost braces in \itemize; meant \describe ?
checkRd: (-1) method_ek.Rd:33: Lost braces in \itemize; meant \describe ?
checkRd: (-1) method_ek.Rd:34: Lost braces in \itemize; meant \describe ?
checkRd: (-1) method_ek.Rd:35: Lost braces in \itemize; meant \describe ?
checkRd: (-1) method_ek.Rd:36: Lost braces in \itemize; meant \describe ?
checkRd: (-1) method_nh.Rd:33: Lost braces in \itemize; meant \describe ?
checkRd: (-1) method_nh.Rd:34: Lost braces in \itemize; meant \describe ?
checkRd: (-1) method_nh.Rd:35: Lost braces in \itemize; meant \describe ?
checkRd: (-1) method_nh.Rd:36: Lost braces in \itemize; meant \describe ?
checkRd: (-1) method_om.Rd:33: Lost braces in \itemize; meant \describe ?
checkRd: (-1) method_om.Rd:34: Lost braces in \itemize; meant \describe ?
checkRd: (-1) method_om.Rd:35: Lost braces in \itemize; meant \describe ?
checkRd: (-1) method_om.Rd:36: Lost braces in \itemize; meant \describe ?
Flavors: r-devel-linux-x86_64-debian-clang, r-devel-linux-x86_64-debian-gcc