Last updated on 2023-11-30 04:53:06 CET.
Flavor | Version | Tinstall | Tcheck | Ttotal | Status | Flags |
---|---|---|---|---|---|---|
r-devel-linux-x86_64-debian-clang | 3.1-40 | 6.17 | 60.99 | 67.16 | NOTE | |
r-devel-linux-x86_64-debian-gcc | 3.1-40 | 5.64 | 45.88 | 51.52 | NOTE | |
r-devel-linux-x86_64-fedora-clang | 3.1-40 | 86.06 | OK | |||
r-devel-linux-x86_64-fedora-gcc | 3.1-40 | 83.05 | OK | |||
r-devel-windows-x86_64 | 3.1-40 | 8.00 | 79.00 | 87.00 | OK | |
r-patched-linux-x86_64 | 3.1-40 | 8.69 | 59.32 | 68.01 | OK | |
r-release-linux-x86_64 | 3.1-40 | 5.44 | 58.27 | 63.71 | OK | |
r-release-macos-arm64 | 3.1-40 | 32.00 | OK | |||
r-release-macos-x86_64 | 3.1-40 | 52.00 | OK | |||
r-release-windows-x86_64 | 3.1-40 | 6.00 | 88.00 | 94.00 | OK | |
r-oldrel-macos-arm64 | 3.1-40 | 34.00 | OK | |||
r-oldrel-macos-x86_64 | 3.1-40 | 48.00 | OK | |||
r-oldrel-windows-x86_64 | 3.1-40 | 13.00 | 79.00 | 92.00 | OK |
Version: 3.1-40
Check: Rd files
Result: NOTE
checkRd: (-1) ciReg.Rd:10: Lost braces
10 | \item{fit}{an object of class{lm}, i.e. the output from \code{\link{lm}}.}
| ^
Flavors: r-devel-linux-x86_64-debian-clang, r-devel-linux-x86_64-debian-gcc