Last updated on 2023-12-03 04:56:20 CET.
Flavor | Version | Tinstall | Tcheck | Ttotal | Status | Flags |
---|---|---|---|---|---|---|
r-devel-linux-x86_64-debian-clang | 0.3.0 | 6.46 | 52.83 | 59.29 | OK | |
r-devel-linux-x86_64-debian-gcc | 0.3.0 | 5.41 | 39.08 | 44.49 | OK | |
r-devel-linux-x86_64-fedora-clang | 0.3.0 | 75.26 | NOTE | |||
r-devel-linux-x86_64-fedora-gcc | 0.3.0 | 67.58 | OK | |||
r-devel-windows-x86_64 | 0.3.0 | 7.00 | 61.00 | 68.00 | OK | |
r-patched-linux-x86_64 | 0.3.0 | 4.25 | 48.90 | 53.15 | OK | |
r-release-linux-x86_64 | 0.3.0 | 3.78 | 48.55 | 52.33 | OK | |
r-release-macos-arm64 | 0.3.0 | 24.00 | OK | |||
r-release-macos-x86_64 | 0.3.0 | 39.00 | OK | |||
r-release-windows-x86_64 | 0.3.0 | 8.00 | 66.00 | 74.00 | OK | |
r-oldrel-macos-arm64 | 0.3.0 | 26.00 | OK | |||
r-oldrel-macos-x86_64 | 0.3.0 | 34.00 | OK | |||
r-oldrel-windows-x86_64 | 0.3.0 | 9.00 | 66.00 | 75.00 | OK |
Version: 0.3.0
Check: Rd cross-references
Result: NOTE
Undeclared package ‘jsonlite’ in Rd xrefs
Flavor: r-devel-linux-x86_64-fedora-clang