Last updated on 2023-12-08 05:02:16 CET.
Flavor | Version | Tinstall | Tcheck | Ttotal | Status | Flags |
---|---|---|---|---|---|---|
r-devel-linux-x86_64-debian-clang | 0.2.4 | 4.59 | 44.11 | 48.70 | OK | |
r-devel-linux-x86_64-debian-gcc | 0.2.4 | 3.44 | 33.68 | 37.12 | OK | |
r-devel-linux-x86_64-fedora-clang | 0.2.4 | 62.32 | NOTE | |||
r-devel-linux-x86_64-fedora-gcc | 0.2.4 | 69.16 | NOTE | |||
r-devel-windows-x86_64 | 0.2.4 | 5.00 | 56.00 | 61.00 | OK | |
r-patched-linux-x86_64 | 0.2.4 | 4.56 | 42.87 | 47.43 | OK | |
r-release-linux-x86_64 | 0.2.4 | 4.27 | 42.06 | 46.33 | OK | |
r-release-macos-arm64 | 0.2.4 | 32.00 | OK | |||
r-release-macos-x86_64 | 0.2.4 | 45.00 | OK | |||
r-release-windows-x86_64 | 0.2.4 | 7.00 | 59.00 | 66.00 | OK | |
r-oldrel-macos-arm64 | 0.2.4 | 23.00 | NOTE | |||
r-oldrel-macos-x86_64 | 0.2.4 | 33.00 | NOTE | |||
r-oldrel-windows-x86_64 | 0.2.4 | 8.00 | 64.00 | 72.00 | OK |
Version: 0.2.4
Check: data for non-ASCII characters
Result: NOTE
Note: found 4250 marked UTF-8 strings
Flavors: r-devel-linux-x86_64-fedora-clang, r-devel-linux-x86_64-fedora-gcc, r-oldrel-macos-arm64, r-oldrel-macos-x86_64