CRAN Package Check Results for Package rwavelet

Last updated on 2023-12-08 05:02:16 CET.

Flavor Version Tinstall Tcheck Ttotal Status Flags
r-devel-linux-x86_64-debian-clang 0.4.1 6.98 63.93 70.91 NOTE
r-devel-linux-x86_64-debian-gcc 0.4.1 4.67 49.05 53.72 NOTE
r-devel-linux-x86_64-fedora-clang 0.4.1 90.29 OK
r-devel-linux-x86_64-fedora-gcc 0.4.1 101.93 OK
r-devel-windows-x86_64 0.4.1 6.00 75.00 81.00 OK
r-patched-linux-x86_64 0.4.1 6.16 61.85 68.01 OK
r-release-linux-x86_64 0.4.1 5.31 61.14 66.45 OK
r-release-macos-arm64 0.4.1 33.00 OK
r-release-macos-x86_64 0.4.1 52.00 OK
r-release-windows-x86_64 0.4.1 8.00 86.00 94.00 OK
r-oldrel-macos-arm64 0.4.1 25.00 OK
r-oldrel-macos-x86_64 0.4.1 38.00 OK
r-oldrel-windows-x86_64 0.4.1 7.00 79.00 86.00 OK

Check Details

Version: 0.4.1
Check: Rd files
Result: NOTE checkRd: (-1) HardThresh.Rd:15: Lost braces; missing escapes or markup? 15 | \code{x} filtered result (y 1_{|y|>t}). | ^ checkRd: (-1) SoftThresh.Rd:15: Lost braces; missing escapes or markup? 15 | \code{x} filtered result (y 1_{|y|>t}). | ^ Flavors: r-devel-linux-x86_64-debian-clang, r-devel-linux-x86_64-debian-gcc