Last updated on 2023-12-02 04:52:28 CET.
Flavor | Version | Tinstall | Tcheck | Ttotal | Status | Flags |
---|---|---|---|---|---|---|
r-devel-linux-x86_64-debian-clang | 1.5-1 | 99.63 | 373.32 | 472.95 | OK | |
r-devel-linux-x86_64-debian-gcc | 1.5-1 | 81.68 | 270.76 | 352.44 | OK | |
r-devel-linux-x86_64-fedora-clang | 1.5-1 | 594.75 | NOTE | |||
r-devel-linux-x86_64-fedora-gcc | 1.5-1 | 620.06 | OK | |||
r-devel-windows-x86_64 | 1.5-1 | 85.00 | 273.00 | 358.00 | NOTE | |
r-patched-linux-x86_64 | 1.5-1 | 65.54 | 341.97 | 407.51 | OK | |
r-release-linux-x86_64 | 1.5-1 | 67.26 | 358.83 | 426.09 | OK | |
r-release-macos-arm64 | 1.5-1 | 132.00 | NOTE | |||
r-release-macos-x86_64 | 1.5-1 | 370.00 | NOTE | |||
r-release-windows-x86_64 | 1.5-1 | 117.00 | 343.00 | 460.00 | NOTE | |
r-oldrel-macos-arm64 | 1.5-1 | 128.00 | NOTE | |||
r-oldrel-macos-x86_64 | 1.5-1 | 173.00 | NOTE | |||
r-oldrel-windows-x86_64 | 1.5-1 | 117.00 | 337.00 | 454.00 | NOTE |
Version: 1.5-1
Check: installed package size
Result: NOTE
installed size is 7.4Mb
sub-directories of 1Mb or more:
R 3.0Mb
libs 2.1Mb
Flavors: r-devel-linux-x86_64-fedora-clang, r-devel-windows-x86_64, r-release-macos-arm64, r-release-macos-x86_64, r-release-windows-x86_64, r-oldrel-macos-arm64, r-oldrel-macos-x86_64, r-oldrel-windows-x86_64