Last updated on 2023-10-01 05:53:22 CEST.
Flavor | Version | Tinstall | Tcheck | Ttotal | Status | Flags |
---|---|---|---|---|---|---|
r-devel-linux-x86_64-debian-clang | 2.1.1 | 7.84 | 182.06 | 189.90 | NOTE | |
r-devel-linux-x86_64-debian-gcc | 2.1.1 | 6.98 | 139.23 | 146.21 | NOTE | |
r-devel-linux-x86_64-fedora-clang | 2.1.1 | 225.18 | NOTE | |||
r-devel-linux-x86_64-fedora-gcc | 2.1.1 | 245.27 | NOTE | |||
r-devel-windows-x86_64 | 2.1.1 | 7.00 | 159.00 | 166.00 | NOTE | |
r-patched-linux-x86_64 | 2.1.1 | 9.16 | 174.77 | 183.93 | OK | |
r-release-linux-x86_64 | 2.1.1 | 8.52 | 180.49 | 189.01 | OK | |
r-release-macos-arm64 | 2.1.1 | 87.00 | OK | |||
r-release-macos-x86_64 | 2.1.1 | 144.00 | OK | |||
r-release-windows-x86_64 | 2.1.1 | 7.00 | 192.00 | 199.00 | OK | |
r-oldrel-macos-arm64 | 2.1.1 | 64.00 | OK | |||
r-oldrel-macos-x86_64 | 2.1.1 | 85.00 | OK | |||
r-oldrel-windows-x86_64 | 2.1.1 | 17.00 | 164.00 | 181.00 | OK |
Version: 2.1.1
Check: Rd \usage sections
Result: NOTE
Documented arguments not in \usage in documentation object 'summary.trimbatch':
‘x’
Documented arguments not in \usage in documentation object 'trim_workhorse':
‘max_beta’
Functions with \usage entries need to have the appropriate \alias
entries, and all their arguments documented.
The \usage entries must correspond to syntactically valid R code.
See chapter ‘Writing R documentation files’ in the ‘Writing R
Extensions’ manual.
Flavors: r-devel-linux-x86_64-debian-clang, r-devel-linux-x86_64-debian-gcc, r-devel-linux-x86_64-fedora-clang, r-devel-linux-x86_64-fedora-gcc, r-devel-windows-x86_64