Last updated on 2023-11-29 04:57:35 CET.
Flavor | Version | Tinstall | Tcheck | Ttotal | Status | Flags |
---|---|---|---|---|---|---|
r-devel-linux-x86_64-debian-clang | 0.4.0 | 7.13 | 55.69 | 62.82 | OK | |
r-devel-linux-x86_64-debian-gcc | 0.4.0 | 6.06 | 41.55 | 47.61 | OK | |
r-devel-linux-x86_64-fedora-clang | 0.4.0 | 77.63 | NOTE | |||
r-devel-linux-x86_64-fedora-gcc | 0.4.0 | 85.32 | NOTE | |||
r-devel-windows-x86_64 | 0.4.0 | 8.00 | 64.00 | 72.00 | OK | |
r-patched-linux-x86_64 | 0.4.0 | 4.91 | 53.27 | 58.18 | OK | |
r-release-linux-x86_64 | 0.4.0 | 4.65 | 52.45 | 57.10 | OK | |
r-release-macos-arm64 | 0.4.0 | 38.00 | OK | |||
r-release-macos-x86_64 | 0.4.0 | 69.00 | OK | |||
r-release-windows-x86_64 | 0.4.0 | 11.00 | 74.00 | 85.00 | OK | |
r-oldrel-macos-arm64 | 0.4.0 | 44.00 | OK | |||
r-oldrel-macos-x86_64 | 0.4.0 | 48.00 | OK | |||
r-oldrel-windows-x86_64 | 0.4.0 | 10.00 | 72.00 | 82.00 | OK |
Version: 0.4.0
Check: data for non-ASCII characters
Result: NOTE
Note: found 37 marked UTF-8 strings
Flavors: r-devel-linux-x86_64-fedora-clang, r-devel-linux-x86_64-fedora-gcc