Last updated on 2023-10-02 05:58:09 CEST.
Flavor | Version | Tinstall | Tcheck | Ttotal | Status | Flags |
---|---|---|---|---|---|---|
r-devel-linux-x86_64-debian-clang | 1.6.7 | 31.40 | 72.18 | 103.58 | NOTE | |
r-devel-linux-x86_64-debian-gcc | 1.6.7 | 23.78 | 57.74 | 81.52 | NOTE | |
r-devel-linux-x86_64-fedora-clang | 1.6.7 | 141.37 | NOTE | |||
r-devel-linux-x86_64-fedora-gcc | 1.6.7 | 156.18 | NOTE | |||
r-devel-windows-x86_64 | 1.6.7 | 32.00 | 170.00 | 202.00 | NOTE | |
r-patched-linux-x86_64 | 1.6.7 | 32.10 | 72.16 | 104.26 | NOTE | |
r-release-linux-x86_64 | 1.6.7 | 33.19 | 71.70 | 104.89 | NOTE | |
r-release-macos-arm64 | 1.6.7 | 66.00 | NOTE | |||
r-release-macos-x86_64 | 1.6.7 | 94.00 | NOTE | |||
r-release-windows-x86_64 | 1.6.7 | 30.00 | 170.00 | 200.00 | NOTE | |
r-oldrel-macos-arm64 | 1.6.7 | 57.00 | NOTE | |||
r-oldrel-macos-x86_64 | 1.6.7 | 68.00 | NOTE | |||
r-oldrel-windows-x86_64 | 1.6.7 | 38.00 | 161.00 | 199.00 | OK |
Version: 1.6.7
Check: C++ specification
Result: NOTE
Specified C++11: please drop specification unless essential
Flavors: r-devel-linux-x86_64-debian-clang, r-devel-linux-x86_64-debian-gcc, r-devel-linux-x86_64-fedora-clang, r-devel-linux-x86_64-fedora-gcc, r-devel-windows-x86_64, r-patched-linux-x86_64, r-release-linux-x86_64, r-release-macos-arm64, r-release-macos-x86_64, r-release-windows-x86_64
Version: 1.6.7
Check: installed package size
Result: NOTE
installed size is 6.1Mb
sub-directories of 1Mb or more:
libs 2.4Mb
projects 2.9Mb
Flavors: r-release-macos-arm64, r-release-macos-x86_64, r-oldrel-macos-arm64, r-oldrel-macos-x86_64