CRAN Package Check Results for Package rtkore

Last updated on 2024-02-28 05:13:03 CET.

Flavor Version Tinstall Tcheck Ttotal Status Flags
r-devel-linux-x86_64-debian-clang 1.6.10 33.27 75.34 108.61 OK
r-devel-linux-x86_64-debian-gcc 1.6.10 29.86 58.74 88.60 OK
r-devel-linux-x86_64-fedora-clang 1.6.10 144.52 OK
r-devel-linux-x86_64-fedora-gcc 1.6.10 160.41 OK
r-devel-windows-x86_64 1.6.10 36.00 161.00 197.00 OK
r-patched-linux-x86_64 1.6.10 37.19 74.01 111.20 OK
r-release-linux-x86_64 1.6.10 34.34 74.00 108.34 OK
r-release-macos-arm64 1.6.10 93.00 NOTE
r-release-macos-x86_64 1.6.10 186.00 NOTE
r-release-windows-x86_64 1.6.10 36.00 170.00 206.00 OK
r-oldrel-macos-arm64 1.6.10 69.00 NOTE
r-oldrel-windows-x86_64 1.6.10 38.00 165.00 203.00 OK

Check Details

Version: 1.6.10
Check: installed package size
Result: NOTE installed size is 6.0Mb sub-directories of 1Mb or more: libs 2.3Mb projects 2.9Mb Flavors: r-release-macos-arm64, r-release-macos-x86_64, r-oldrel-macos-arm64