CRAN Package Check Results for Package rtf

Last updated on 2024-06-14 05:58:38 CEST.

Flavor Version Tinstall Tcheck Ttotal Status Flags
r-devel-linux-x86_64-debian-clang 0.4-14.1 2.61 50.41 53.02 NOTE
r-devel-linux-x86_64-debian-gcc 0.4-14.1 2.38 33.99 36.37 ERROR
r-devel-linux-x86_64-fedora-clang 0.4-14.1 69.54 NOTE
r-devel-linux-x86_64-fedora-gcc 0.4-14.1 79.31 NOTE
r-devel-windows-x86_64 0.4-14.1 4.00 72.00 76.00 OK
r-patched-linux-x86_64 0.4-14.1 3.28 49.32 52.60 NOTE
r-release-linux-x86_64 0.4-14.1 3.63 50.37 54.00 NOTE
r-release-macos-arm64 0.4-14.1 30.00 OK
r-release-macos-x86_64 0.4-14.1 56.00 OK
r-release-windows-x86_64 0.4-14.1 4.00 75.00 79.00 OK
r-oldrel-macos-arm64 0.4-14.1 33.00 OK
r-oldrel-macos-x86_64 0.4-14.1 56.00 OK
r-oldrel-windows-x86_64 0.4-14.1 5.00 73.00 78.00 OK

Check Details

Version: 0.4-14.1
Check: for non-standard things in the check directory
Result: NOTE Found the following files/directories: ‘test_addPageBreak.doc’ ‘test_addPlot.doc’ ‘test_addSessionInfo.doc’ ‘test_addTable.doc’ Flavors: r-devel-linux-x86_64-debian-clang, r-devel-linux-x86_64-debian-gcc, r-devel-linux-x86_64-fedora-clang, r-devel-linux-x86_64-fedora-gcc, r-patched-linux-x86_64, r-release-linux-x86_64

Version: 0.4-14.1
Check: package dependencies
Result: NOTE Package suggested but not available for checking: ‘ggplot2’ Flavor: r-devel-linux-x86_64-debian-gcc

Version: 0.4-14.1
Check: re-building of vignette outputs
Result: ERROR Error(s) in re-building vignettes: ... --- re-building ‘rtf.Rnw’ using Sweave Error: processing vignette 'rtf.Rnw' failed with diagnostics: chunk 29 Error in library(ggplot2) : there is no package called ‘ggplot2’ --- failed re-building ‘rtf.Rnw’ SUMMARY: processing the following file failed: ‘rtf.Rnw’ Error: Vignette re-building failed. Execution halted Flavor: r-devel-linux-x86_64-debian-gcc