Last updated on 2023-11-30 04:53:05 CET.
Flavor | Version | Tinstall | Tcheck | Ttotal | Status | Flags |
---|---|---|---|---|---|---|
r-devel-linux-x86_64-debian-clang | 2.3.1.1 | 3.46 | 50.32 | 53.78 | NOTE | |
r-devel-linux-x86_64-debian-gcc | 2.3.1.1 | 2.17 | 38.60 | 40.77 | NOTE | |
r-devel-linux-x86_64-fedora-clang | 2.3.1.1 | 68.70 | OK | |||
r-devel-linux-x86_64-fedora-gcc | 2.3.1.1 | 72.45 | OK | |||
r-devel-windows-x86_64 | 2.3.1.1 | 4.00 | 68.00 | 72.00 | OK | |
r-patched-linux-x86_64 | 2.3.1.1 | 4.15 | 49.79 | 53.94 | OK | |
r-release-linux-x86_64 | 2.3.1.1 | 3.27 | 49.15 | 52.42 | OK | |
r-release-macos-arm64 | 2.3.1.1 | 30.00 | OK | |||
r-release-macos-x86_64 | 2.3.1.1 | 57.00 | OK | |||
r-release-windows-x86_64 | 2.3.1.1 | 5.00 | 72.00 | 77.00 | OK | |
r-oldrel-macos-arm64 | 2.3.1.1 | 28.00 | OK | |||
r-oldrel-macos-x86_64 | 2.3.1.1 | 38.00 | OK | |||
r-oldrel-windows-x86_64 | 2.3.1.1 | 5.00 | 69.00 | 74.00 | OK |
Version: 2.3.1.1
Check: Rd files
Result: NOTE
checkRd: (-1) rstan_create_package.Rd:33: Lost braces; missing escapes or markup?
33 | \code{TRUE}. If so, a file `R/{pkgname}-package.R`` is added to the package with
| ^
Flavors: r-devel-linux-x86_64-debian-clang, r-devel-linux-x86_64-debian-gcc