Last updated on 2023-11-30 04:53:05 CET.
Flavor | Version | Tinstall | Tcheck | Ttotal | Status | Flags |
---|---|---|---|---|---|---|
r-devel-linux-x86_64-debian-clang | 2.26.1 | 2292.12 | 795.00 | 3087.12 | NOTE | |
r-devel-linux-x86_64-debian-gcc | 2.26.1 | 1626.79 | 670.65 | 2297.44 | NOTE | |
r-devel-linux-x86_64-fedora-clang | 2.26.1 | 4105.70 | NOTE | |||
r-devel-linux-x86_64-fedora-gcc | 2.26.1 | 2654.87 | NOTE | |||
r-devel-windows-x86_64 | 2.26.1 | 1217.00 | 237.00 | 1454.00 | NOTE | --no-examples --no-tests --no-vignettes |
r-patched-linux-x86_64 | 2.26.1 | 1993.55 | 889.37 | 2882.92 | NOTE | |
r-release-linux-x86_64 | 2.26.1 | 1507.99 | 882.81 | 2390.80 | NOTE | |
r-release-macos-arm64 | 2.26.1 | 1725.00 | NOTE | |||
r-release-macos-x86_64 | 2.26.1 | 1746.00 | NOTE | |||
r-release-windows-x86_64 | 2.26.1 | 1764.00 | 271.00 | 2035.00 | NOTE | --no-examples --no-tests --no-vignettes |
r-oldrel-macos-arm64 | 2.26.1 | 940.00 | NOTE | |||
r-oldrel-macos-x86_64 | 2.26.1 | 1271.00 | NOTE | |||
r-oldrel-windows-x86_64 | 2.26.1 | 1665.00 | 243.00 | 1908.00 | NOTE | --no-examples --no-tests --no-vignettes |
Version: 2.26.1
Check: Rd files
Result: NOTE
checkRd: (-1) rstanarm-datasets.Rd:81: Lost braces; missing escapes or markup?
81 | \item \code{age} {in years}
| ^
checkRd: (-1) rstanarm-datasets.Rd:82: Lost braces; missing escapes or markup?
82 | \item \code{albumin} {serum albumin (g/dl)}
| ^
checkRd: (-1) rstanarm-datasets.Rd:83: Lost braces; missing escapes or markup?
83 | \item \code{logBili} {logarithm of serum bilirubin}
| ^
checkRd: (-1) rstanarm-datasets.Rd:84: Lost braces; missing escapes or markup?
84 | \item \code{death} {indicator of death at endpoint}
| ^
checkRd: (-1) rstanarm-datasets.Rd:85-86: Lost braces
85 | \item \code{futimeYears} {time (in years) between baseline and
| ^
checkRd: (-1) rstanarm-datasets.Rd:87: Lost braces; missing escapes or markup?
87 | \item \code{id} {numeric ID unique to each individual}
| ^
checkRd: (-1) rstanarm-datasets.Rd:88: Lost braces; missing escapes or markup?
88 | \item \code{platelet} {platelet count}
| ^
checkRd: (-1) rstanarm-datasets.Rd:89: Lost braces; missing escapes or markup?
89 | \item \code{sex} {gender (m = male, f = female)}
| ^
checkRd: (-1) rstanarm-datasets.Rd:90-91: Lost braces
90 | \item \code{status} {status at endpoint (0 = censored,
| ^
checkRd: (-1) rstanarm-datasets.Rd:92-93: Lost braces
92 | \item \code{trt} {binary treatment code (0 = placebo, 1 =
| ^
checkRd: (-1) rstanarm-datasets.Rd:94-95: Lost braces
94 | \item \code{year} {time (in years) of the longitudinal measurements,
| ^
Flavors: r-devel-linux-x86_64-debian-clang, r-devel-linux-x86_64-debian-gcc
Version: 2.26.1
Check: for GNU extensions in Makefiles
Result: NOTE
GNU make is a SystemRequirements.
Flavors: r-devel-linux-x86_64-debian-clang, r-devel-linux-x86_64-debian-gcc, r-devel-linux-x86_64-fedora-clang, r-devel-linux-x86_64-fedora-gcc, r-patched-linux-x86_64, r-release-linux-x86_64, r-release-macos-arm64, r-release-macos-x86_64, r-oldrel-macos-arm64, r-oldrel-macos-x86_64
Version: 2.26.1
Check: installed package size
Result: NOTE
installed size is 26.4Mb
sub-directories of 1Mb or more:
R 1.9Mb
doc 4.8Mb
libs 19.0Mb
Flavors: r-devel-linux-x86_64-fedora-clang, r-release-macos-arm64, r-release-macos-x86_64, r-oldrel-macos-arm64, r-oldrel-macos-x86_64
Version: 2.26.1
Flags: --no-examples --no-tests --no-vignettes
Check: installed package size
Result: NOTE
installed size is 18.9Mb
sub-directories of 1Mb or more:
R 1.9Mb
doc 4.7Mb
libs 11.6Mb
Flavors: r-devel-windows-x86_64, r-release-windows-x86_64, r-oldrel-windows-x86_64
Version: 2.26.1
Flags: --no-examples --no-tests --no-vignettes
Check: for GNU extensions in Makefiles
Result: NOTE
GNU make is a SystemRequirements.
Flavors: r-devel-windows-x86_64, r-release-windows-x86_64, r-oldrel-windows-x86_64