CRAN Package Check Results for Package rsparse

Last updated on 2024-02-29 04:54:26 CET.

Flavor Version Tinstall Tcheck Ttotal Status Flags
r-devel-linux-x86_64-debian-clang 0.5.1 214.54 158.77 373.31 NOTE
r-devel-linux-x86_64-debian-gcc 0.5.1 175.27 116.08 291.35 NOTE
r-devel-linux-x86_64-fedora-clang 0.5.1 541.93 NOTE
r-devel-linux-x86_64-fedora-gcc 0.5.1 531.68 NOTE
r-devel-windows-x86_64 0.5.1 175.00 153.00 328.00 NOTE
r-patched-linux-x86_64 0.5.1 207.42 152.62 360.04 NOTE
r-release-linux-x86_64 0.5.1 215.16 155.06 370.22 NOTE
r-release-macos-arm64 0.5.1 135.00 NOTE
r-release-macos-x86_64 0.5.1 229.00 NOTE
r-release-windows-x86_64 0.5.1 222.00 189.00 411.00 NOTE
r-oldrel-macos-arm64 0.5.1 125.00 NOTE
r-oldrel-windows-x86_64 0.5.1 208.00 179.00 387.00 OK

Check Details

Version: 0.5.1
Check: C++ specification
Result: NOTE Specified C++11: please drop specification unless essential Flavors: r-devel-linux-x86_64-debian-clang, r-devel-linux-x86_64-debian-gcc, r-devel-linux-x86_64-fedora-clang, r-devel-linux-x86_64-fedora-gcc, r-devel-windows-x86_64, r-patched-linux-x86_64, r-release-linux-x86_64, r-release-macos-arm64, r-release-macos-x86_64, r-release-windows-x86_64

Version: 0.5.1
Check: whether startup messages can be suppressed
Result: NOTE OMP: Warning #96: Cannot form a team with 24 threads, using 2 instead. OMP: Hint Consider unsetting KMP_DEVICE_THREAD_LIMIT (KMP_ALL_THREADS), KMP_TEAMS_THREAD_LIMIT, and OMP_THREAD_LIMIT (if any are set). It looks like this package (or a package it requires) has a startup message which cannot be suppressed: see ?packageStartupMessage. Flavor: r-devel-linux-x86_64-fedora-clang

Version: 0.5.1
Check: dependencies in R code
Result: NOTE Namespace in Imports field not imported from: ‘MatrixExtra’ All declared Imports should be used. Flavors: r-devel-linux-x86_64-fedora-clang, r-devel-linux-x86_64-fedora-gcc, r-oldrel-macos-arm64

Version: 0.5.1
Check: installed package size
Result: NOTE installed size is 10.0Mb sub-directories of 1Mb or more: libs 9.2Mb Flavors: r-release-macos-arm64, r-release-macos-x86_64, r-oldrel-macos-arm64