Last updated on 2023-12-08 05:02:16 CET.
Flavor | Version | Tinstall | Tcheck | Ttotal | Status | Flags |
---|---|---|---|---|---|---|
r-devel-linux-x86_64-debian-clang | 0.2.0 | 2.33 | 30.35 | 32.68 | NOTE | |
r-devel-linux-x86_64-debian-gcc | 0.2.0 | 1.71 | 23.72 | 25.43 | NOTE | |
r-devel-linux-x86_64-fedora-clang | 0.2.0 | 41.55 | NOTE | |||
r-devel-linux-x86_64-fedora-gcc | 0.2.0 | 39.10 | NOTE | |||
r-devel-windows-x86_64 | 0.2.0 | 4.00 | 46.00 | 50.00 | NOTE | |
r-patched-linux-x86_64 | 0.2.0 | 2.41 | 30.10 | 32.51 | NOTE | |
r-release-linux-x86_64 | 0.2.0 | 1.62 | 29.84 | 31.46 | NOTE | |
r-release-macos-arm64 | 0.2.0 | 19.00 | NOTE | |||
r-release-macos-x86_64 | 0.2.0 | 23.00 | NOTE | |||
r-release-windows-x86_64 | 0.2.0 | 4.00 | 48.00 | 52.00 | NOTE | |
r-oldrel-macos-arm64 | 0.2.0 | 20.00 | NOTE | |||
r-oldrel-macos-x86_64 | 0.2.0 | 25.00 | NOTE | |||
r-oldrel-windows-x86_64 | 0.2.0 | 3.00 | 51.00 | 54.00 | NOTE |
Version: 0.2.0
Check: LazyData
Result: NOTE
'LazyData' is specified without a 'data' directory
Flavors: r-devel-linux-x86_64-debian-clang, r-devel-linux-x86_64-debian-gcc, r-devel-linux-x86_64-fedora-clang, r-devel-linux-x86_64-fedora-gcc, r-devel-windows-x86_64, r-patched-linux-x86_64, r-release-linux-x86_64, r-release-macos-arm64, r-release-macos-x86_64, r-release-windows-x86_64, r-oldrel-macos-arm64, r-oldrel-macos-x86_64, r-oldrel-windows-x86_64