Last updated on 2023-10-02 05:58:09 CEST.
Flavor | Version | Tinstall | Tcheck | Ttotal | Status | Flags |
---|---|---|---|---|---|---|
r-devel-linux-x86_64-debian-clang | 0.2 | 4.85 | 35.54 | 40.39 | OK | |
r-devel-linux-x86_64-debian-gcc | 0.2 | 4.18 | 27.48 | 31.66 | OK | |
r-devel-linux-x86_64-fedora-clang | 0.2 | 53.35 | OK | |||
r-devel-linux-x86_64-fedora-gcc | 0.2 | 63.86 | OK | |||
r-devel-windows-x86_64 | 0.2 | 7.00 | 56.00 | 63.00 | OK | |
r-patched-linux-x86_64 | 0.2 | 6.35 | 35.18 | 41.53 | OK | |
r-release-linux-x86_64 | 0.2 | 4.50 | 34.98 | 39.48 | OK | |
r-release-macos-arm64 | 0.2 | 27.00 | OK | |||
r-release-macos-x86_64 | 0.2 | 40.00 | NOTE | |||
r-release-windows-x86_64 | 0.2 | 9.00 | 60.00 | 69.00 | OK | |
r-oldrel-macos-arm64 | 0.2 | 23.00 | OK | |||
r-oldrel-macos-x86_64 | 0.2 | 29.00 | OK | |||
r-oldrel-windows-x86_64 | 0.2 | 10.00 | 61.00 | 71.00 | OK |
Version: 0.2
Check: package dependencies
Result: NOTE
Package suggested but not available for checking: ‘robustbase’
Flavor: r-release-macos-x86_64
Version: 0.2
Check: Rd cross-references
Result: NOTE
Package unavailable to check Rd xrefs: ‘robustbase’
Flavor: r-release-macos-x86_64