CRAN Package Check Results for Package rrscale

Last updated on 2023-12-02 04:52:27 CET.

Flavor Version Tinstall Tcheck Ttotal Status Flags
r-devel-linux-x86_64-debian-clang 1.0 2.96 48.95 51.91 NOTE
r-devel-linux-x86_64-debian-gcc 1.0 1.74 37.70 39.44 NOTE
r-devel-linux-x86_64-fedora-clang 1.0 66.49 NOTE
r-devel-linux-x86_64-fedora-gcc 1.0 73.31 NOTE
r-devel-windows-x86_64 1.0 3.00 61.00 64.00 NOTE
r-patched-linux-x86_64 1.0 2.07 47.27 49.34 NOTE
r-release-linux-x86_64 1.0 1.88 47.54 49.42 NOTE
r-release-macos-arm64 1.0 29.00 NOTE
r-release-macos-x86_64 1.0 51.00 NOTE
r-release-windows-x86_64 1.0 4.00 65.00 69.00 NOTE
r-oldrel-macos-arm64 1.0 23.00 NOTE
r-oldrel-macos-x86_64 1.0 35.00 NOTE
r-oldrel-windows-x86_64 1.0 5.00 66.00 71.00 NOTE

Check Details

Version: 1.0
Check: LazyData
Result: NOTE 'LazyData' is specified without a 'data' directory Flavors: r-devel-linux-x86_64-debian-clang, r-devel-linux-x86_64-debian-gcc, r-devel-linux-x86_64-fedora-clang, r-devel-linux-x86_64-fedora-gcc, r-devel-windows-x86_64, r-patched-linux-x86_64, r-release-linux-x86_64, r-release-macos-arm64, r-release-macos-x86_64, r-release-windows-x86_64, r-oldrel-macos-arm64, r-oldrel-macos-x86_64, r-oldrel-windows-x86_64

Version: 1.0
Check: dependencies in R code
Result: NOTE Namespace in Imports field not imported from: ‘abind’ All declared Imports should be used. Flavors: r-devel-linux-x86_64-fedora-clang, r-devel-linux-x86_64-fedora-gcc, r-oldrel-macos-arm64, r-oldrel-macos-x86_64