CRAN Package Check Results for Package rrpack

Last updated on 2024-07-15 05:49:12 CEST.

Flavor Version Tinstall Tcheck Ttotal Status Flags
r-devel-linux-x86_64-debian-clang 0.1-13 123.98 119.92 243.90 NOTE
r-devel-linux-x86_64-debian-gcc 0.1-13 83.21 90.65 173.86 NOTE
r-devel-linux-x86_64-fedora-clang 0.1-13 343.90 NOTE
r-devel-linux-x86_64-fedora-gcc 0.1-13 338.98 NOTE
r-devel-windows-x86_64 0.1-13 102.00 117.00 219.00 NOTE
r-patched-linux-x86_64 0.1-13 108.18 117.80 225.98 NOTE
r-release-linux-x86_64 0.1-13 102.87 118.07 220.94 NOTE
r-release-macos-arm64 0.1-13 68.00 NOTE
r-release-macos-x86_64 0.1-13 104.00 NOTE
r-release-windows-x86_64 0.1-13 99.00 116.00 215.00 NOTE
r-oldrel-macos-arm64 0.1-13 80.00 NOTE
r-oldrel-macos-x86_64 0.1-13 140.00 NOTE
r-oldrel-windows-x86_64 0.1-13 121.00 150.00 271.00 NOTE

Check Details

Version: 0.1-13
Check: C++ specification
Result: NOTE Specified C++11: please drop specification unless essential Flavors: r-devel-linux-x86_64-debian-clang, r-devel-linux-x86_64-debian-gcc, r-devel-linux-x86_64-fedora-clang, r-devel-linux-x86_64-fedora-gcc, r-devel-windows-x86_64, r-patched-linux-x86_64, r-release-linux-x86_64, r-release-macos-arm64, r-release-macos-x86_64, r-release-windows-x86_64, r-oldrel-macos-arm64, r-oldrel-macos-x86_64, r-oldrel-windows-x86_64

Version: 0.1-13
Check: Rd files
Result: NOTE checkRd: (-1) mrrr.Rd:67: Lost braces in \itemize; meant \describe ? checkRd: (-1) mrrr.Rd:68: Lost braces in \itemize; meant \describe ? checkRd: (-1) mrrr.Rd:69-70: Lost braces in \itemize; meant \describe ? checkRd: (-1) mrrr.Rd:71-72: Lost braces in \itemize; meant \describe ? checkRd: (-1) mrrr.Rd:73: Lost braces in \itemize; meant \describe ? checkRd: (-1) mrrr.Rd:74: Lost braces in \itemize; meant \describe ? Flavors: r-devel-linux-x86_64-debian-clang, r-devel-linux-x86_64-debian-gcc, r-devel-linux-x86_64-fedora-clang, r-devel-linux-x86_64-fedora-gcc, r-devel-windows-x86_64, r-patched-linux-x86_64, r-release-linux-x86_64, r-release-macos-arm64, r-release-macos-x86_64, r-release-windows-x86_64