Last updated on 2023-12-09 04:51:05 CET.
Flavor | Version | Tinstall | Tcheck | Ttotal | Status | Flags |
---|---|---|---|---|---|---|
r-devel-linux-x86_64-debian-clang | 1.0.0 | 4.66 | 44.45 | 49.11 | NOTE | |
r-devel-linux-x86_64-debian-gcc | 1.0.0 | 3.90 | 33.77 | 37.67 | NOTE | |
r-devel-linux-x86_64-fedora-clang | 1.0.0 | 63.03 | OK | |||
r-devel-linux-x86_64-fedora-gcc | 1.0.0 | 69.26 | OK | |||
r-devel-windows-x86_64 | 1.0.0 | 6.00 | 55.00 | 61.00 | OK | |
r-patched-linux-x86_64 | 1.0.0 | 4.35 | 43.38 | 47.73 | OK | |
r-release-linux-x86_64 | 1.0.0 | 3.00 | 42.02 | 45.02 | OK | |
r-release-macos-arm64 | 1.0.0 | 29.00 | OK | |||
r-release-macos-x86_64 | 1.0.0 | 42.00 | OK | |||
r-release-windows-x86_64 | 1.0.0 | 7.00 | 59.00 | 66.00 | OK | |
r-oldrel-macos-arm64 | 1.0.0 | 24.00 | OK | |||
r-oldrel-macos-x86_64 | 1.0.0 | 46.00 | OK | |||
r-oldrel-windows-x86_64 | 1.0.0 | 6.00 | 63.00 | 69.00 | OK |
Version: 1.0.0
Check: Rd files
Result: NOTE
checkRd: (-1) check_node.Rd:11: Lost braces
11 | \item{x}{\\code{list}, the node to check}
| ^
Flavors: r-devel-linux-x86_64-debian-clang, r-devel-linux-x86_64-debian-gcc