CRAN Package Check Results for Package rpredictit

Last updated on 2023-12-04 05:09:19 CET.

Flavor Version Tinstall Tcheck Ttotal Status Flags
r-devel-linux-x86_64-debian-clang 0.1.0 3.35 46.85 50.20 OK
r-devel-linux-x86_64-debian-gcc 0.1.0 3.58 35.29 38.87 OK
r-devel-linux-x86_64-fedora-clang 0.1.0 64.32 NOTE
r-devel-linux-x86_64-fedora-gcc 0.1.0 71.93 OK
r-devel-windows-x86_64 0.1.0 6.00 60.00 66.00 OK
r-patched-linux-x86_64 0.1.0 11.70 45.46 57.16 OK
r-release-linux-x86_64 0.1.0 2.78 45.52 48.30 OK
r-release-macos-arm64 0.1.0 33.00 OK
r-release-macos-x86_64 0.1.0 45.00 OK
r-release-windows-x86_64 0.1.0 6.00 63.00 69.00 OK
r-oldrel-macos-arm64 0.1.0 37.00 OK
r-oldrel-macos-x86_64 0.1.0 49.00 OK
r-oldrel-windows-x86_64 0.1.0 6.00 69.00 75.00 OK

Check Details

Version: 0.1.0
Check: Rd cross-references
Result: NOTE Undeclared package ‘htmlwidgets’ in Rd xrefs Flavor: r-devel-linux-x86_64-fedora-clang