Last updated on 2023-12-02 04:52:27 CET.
Flavor | Version | Tinstall | Tcheck | Ttotal | Status | Flags |
---|---|---|---|---|---|---|
r-devel-linux-x86_64-debian-clang | 0.3.0 | 5.51 | 52.42 | 57.93 | WARN | |
r-devel-linux-x86_64-debian-gcc | 0.3.0 | 3.52 | 38.53 | 42.05 | WARN | |
r-devel-linux-x86_64-fedora-clang | 0.4.0 | 68.48 | OK | |||
r-devel-linux-x86_64-fedora-gcc | 0.4.0 | 76.98 | OK | |||
r-devel-windows-x86_64 | 0.4.0 | 5.00 | 56.00 | 61.00 | OK | |
r-patched-linux-x86_64 | 0.3.0 | 8.45 | 49.97 | 58.42 | WARN | |
r-release-linux-x86_64 | 0.3.0 | 4.27 | 49.95 | 54.22 | OK | |
r-release-macos-arm64 | 0.4.0 | 32.00 | OK | |||
r-release-macos-x86_64 | 0.3.0 | 41.00 | OK | |||
r-release-windows-x86_64 | 0.3.0 | 8.00 | 60.00 | 68.00 | WARN | |
r-oldrel-macos-arm64 | 0.4.0 | 27.00 | OK | |||
r-oldrel-macos-x86_64 | 0.3.0 | 35.00 | OK | |||
r-oldrel-windows-x86_64 | 0.4.0 | 6.00 | 69.00 | 75.00 | OK |
Version: 0.3.0
Check: whether package can be installed
Result: WARN
Found the following significant warnings:
Note: possible error in 'bacon.calib(info$detsBacon, ': unused argument (ccdir = ccdir)
See ‘/home/hornik/tmp/R.check/r-devel-clang/Work/PKGS/rplum.Rcheck/00install.out’ for details.
Information on the location(s) of code generating the ‘Note’s can be
obtained by re-running with environment variable R_KEEP_PKG_SOURCE set
to ‘yes’.
Flavor: r-devel-linux-x86_64-debian-clang
Version: 0.3.0
Check: R code for possible problems
Result: NOTE
Plum: possible error in bacon.calib(info$detsBacon, info, date.res,
ccdir = ccdir): unused argument (ccdir = ccdir)
Flavors: r-devel-linux-x86_64-debian-clang, r-devel-linux-x86_64-debian-gcc, r-patched-linux-x86_64, r-release-windows-x86_64
Version: 0.3.0
Check: whether package can be installed
Result: WARN
Found the following significant warnings:
Note: possible error in 'bacon.calib(info$detsBacon, ': unused argument (ccdir = ccdir)
See ‘/home/hornik/tmp/R.check/r-devel-gcc/Work/PKGS/rplum.Rcheck/00install.out’ for details.
Information on the location(s) of code generating the ‘Note’s can be
obtained by re-running with environment variable R_KEEP_PKG_SOURCE set
to ‘yes’.
Flavor: r-devel-linux-x86_64-debian-gcc
Version: 0.3.0
Check: whether package can be installed
Result: WARN
Found the following significant warnings:
Note: possible error in 'bacon.calib(info$detsBacon, ': unused argument (ccdir = ccdir)
See ‘/home/hornik/tmp/R.check/r-patched-gcc/Work/PKGS/rplum.Rcheck/00install.out’ for details.
Information on the location(s) of code generating the ‘Note’s can be
obtained by re-running with environment variable R_KEEP_PKG_SOURCE set
to ‘yes’.
Flavor: r-patched-linux-x86_64
Version: 0.3.0
Check: whether package can be installed
Result: WARN
Found the following significant warnings:
Note: possible error in 'bacon.calib(info$detsBacon, ': unused argument (ccdir = ccdir)
See 'd:/Rcompile/CRANpkg/local/4.3/rplum.Rcheck/00install.out' for details.
Information on the location(s) of code generating the 'Note's can be
obtained by re-running with environment variable R_KEEP_PKG_SOURCE set
to 'yes'.
Flavor: r-release-windows-x86_64