Last updated on 2023-12-04 05:09:19 CET.
Flavor | Version | Tinstall | Tcheck | Ttotal | Status | Flags |
---|---|---|---|---|---|---|
r-devel-linux-x86_64-debian-clang | 7.2.3 | 22.86 | 167.36 | 190.22 | NOTE | |
r-devel-linux-x86_64-debian-gcc | 7.2.3 | 17.18 | 124.56 | 141.74 | NOTE | |
r-devel-linux-x86_64-fedora-clang | 7.2.3 | 240.54 | NOTE | |||
r-devel-linux-x86_64-fedora-gcc | 7.2.3 | 236.71 | NOTE | |||
r-devel-windows-x86_64 | 7.2.3 | 24.00 | 155.00 | 179.00 | NOTE | |
r-patched-linux-x86_64 | 7.2.3 | 18.76 | 157.44 | 176.20 | NOTE | |
r-release-linux-x86_64 | 7.2.3 | 22.09 | 159.97 | 182.06 | NOTE | |
r-release-macos-arm64 | 7.2.3 | 74.00 | NOTE | |||
r-release-macos-x86_64 | 7.2.3 | 133.00 | NOTE | |||
r-release-windows-x86_64 | 7.2.3 | 30.00 | 187.00 | 217.00 | NOTE | |
r-oldrel-macos-arm64 | 7.2.3 | 63.00 | OK | |||
r-oldrel-macos-x86_64 | 7.2.3 | 71.00 | OK | |||
r-oldrel-windows-x86_64 | 7.2.3 | 29.00 | 188.00 | 217.00 | OK |
Version: 7.2.3
Check: C++ specification
Result: NOTE
Specified C++11: please drop specification unless essential
Flavors: r-devel-linux-x86_64-debian-clang, r-devel-linux-x86_64-debian-gcc, r-devel-linux-x86_64-fedora-clang, r-devel-linux-x86_64-fedora-gcc, r-devel-windows-x86_64, r-patched-linux-x86_64, r-release-linux-x86_64, r-release-macos-arm64, r-release-macos-x86_64, r-release-windows-x86_64