CRAN Package Check Results for Package rosm

Last updated on 2024-03-01 04:51:54 CET.

Flavor Version Tinstall Tcheck Ttotal Status Flags
r-devel-linux-x86_64-debian-clang 0.3.0 4.36 50.31 54.67 NOTE
r-devel-linux-x86_64-debian-gcc 0.3.0 2.94 37.11 40.05 NOTE
r-devel-linux-x86_64-fedora-clang 0.3.0 64.54 NOTE
r-devel-linux-x86_64-fedora-gcc 0.3.0 64.50 NOTE
r-devel-windows-x86_64 0.3.0 5.00 56.00 61.00 OK
r-patched-linux-x86_64 0.3.0 3.40 48.34 51.74 OK
r-release-linux-x86_64 0.3.0 4.38 47.43 51.81 OK
r-release-macos-arm64 0.3.0 26.00 OK
r-release-macos-x86_64 0.3.0 53.00 OK
r-release-windows-x86_64 0.3.0 6.00 74.00 80.00 OK
r-oldrel-macos-arm64 0.3.0 27.00 OK
r-oldrel-windows-x86_64 0.3.0 6.00 64.00 70.00 OK

Check Details

Version: 0.3.0
Check: Rd files
Result: NOTE checkRd: (-1) osm_url_spec.Rd:23: Lost braces; missing escapes or markup? 23 | \item{server_url}{A url using `{x}`, `{y}`, and `{z}` for the x, y, and | ^ checkRd: (-1) osm_url_spec.Rd:23: Lost braces; missing escapes or markup? 23 | \item{server_url}{A url using `{x}`, `{y}`, and `{z}` for the x, y, and | ^ checkRd: (-1) osm_url_spec.Rd:23: Lost braces; missing escapes or markup? 23 | \item{server_url}{A url using `{x}`, `{y}`, and `{z}` for the x, y, and | ^ Flavors: r-devel-linux-x86_64-debian-clang, r-devel-linux-x86_64-debian-gcc, r-devel-linux-x86_64-fedora-clang, r-devel-linux-x86_64-fedora-gcc