CRAN Package Check Results for Package roptim

Last updated on 2024-02-23 05:07:30 CET.

Flavor Version Tinstall Tcheck Ttotal Status Flags
r-devel-linux-x86_64-debian-clang 0.1.6 NOTE
r-devel-linux-x86_64-debian-gcc 0.1.6 31.03 24.79 55.82 NOTE
r-devel-linux-x86_64-fedora-clang 0.1.6 98.92 NOTE
r-devel-linux-x86_64-fedora-gcc 0.1.6 108.03 NOTE
r-devel-windows-x86_64 0.1.6 30.00 67.00 97.00 NOTE
r-patched-linux-x86_64 0.1.6 38.51 31.61 70.12 NOTE
r-release-linux-x86_64 0.1.6 36.27 31.87 68.14 NOTE
r-release-macos-arm64 0.1.6 35.00 NOTE
r-release-macos-x86_64 0.1.6 57.00 NOTE
r-release-windows-x86_64 0.1.6 38.00 73.00 111.00 NOTE
r-oldrel-macos-arm64 0.1.6 29.00 OK
r-oldrel-windows-x86_64 0.1.6 35.00 75.00 110.00 OK

Check Details

Version: 0.1.6
Check: C++ specification
Result: NOTE Specified C++11: please drop specification unless essential Flavors: r-devel-linux-x86_64-debian-clang, r-devel-linux-x86_64-debian-gcc, r-devel-linux-x86_64-fedora-clang, r-devel-linux-x86_64-fedora-gcc, r-devel-windows-x86_64, r-patched-linux-x86_64, r-release-linux-x86_64, r-release-macos-arm64, r-release-macos-x86_64, r-release-windows-x86_64