CRAN Package Check Results for Package rofanova

Last updated on 2024-02-29 04:54:26 CET.

Flavor Version Tinstall Tcheck Ttotal Status Flags
r-devel-linux-x86_64-debian-clang 1.0.0 49.25 212.40 261.65 NOTE
r-devel-linux-x86_64-debian-gcc 1.0.0 43.38 155.58 198.96 NOTE
r-devel-linux-x86_64-fedora-clang 1.0.0 331.76 NOTE
r-devel-linux-x86_64-fedora-gcc 1.0.0 325.93 NOTE
r-devel-windows-x86_64 1.0.0 47.00 177.00 224.00 OK
r-patched-linux-x86_64 1.0.0 36.60 209.19 245.79 NOTE
r-release-linux-x86_64 1.0.0 40.40 207.55 247.95 NOTE
r-release-macos-arm64 1.0.0 99.00 NOTE
r-release-macos-x86_64 1.0.0 149.00 NOTE
r-release-windows-x86_64 1.0.0 60.00 231.00 291.00 OK
r-oldrel-macos-arm64 1.0.0 88.00 OK
r-oldrel-windows-x86_64 1.0.0 59.00 224.00 283.00 OK

Check Details

Version: 1.0.0
Check: C++ specification
Result: NOTE Specified C++11: please drop specification unless essential Flavors: r-devel-linux-x86_64-debian-clang, r-devel-linux-x86_64-debian-gcc, r-devel-linux-x86_64-fedora-clang, r-devel-linux-x86_64-fedora-gcc, r-patched-linux-x86_64, r-release-linux-x86_64, r-release-macos-arm64, r-release-macos-x86_64